000
CDUS44 KTSA 062120
CLIFYV

CLIMATE REPORT
NATIONAL WEATHER SERVICE TULSA OK
418 PM CDT WED MAY 6 2015


...................................

...THE FAYETTEVILLE ARKANSAS CLIMATE SUMMARY FOR MAY 6 2015...
VALID TODAY AS OF 0400 PM LOCAL TIME.

CLIMATE NORMAL PERIOD 1981 TO 2010
CLIMATE RECORD PERIOD 1905 TO 2015


WEATHER ITEM   OBSERVED TIME   RECORD YEAR NORMAL DEPARTURE LAST
                VALUE   (LST)  VALUE       VALUE  FROM      YEAR
                                                  NORMAL
..................................................................
TEMPERATURE (F)
 TODAY
  MAXIMUM         77    259 PM  87    2003  74      3       83
                                      1952
  MINIMUM         62    837 AM  34    1992  51     11       63
  AVERAGE         70                        62      8       73

PRECIPITATION (IN)
  TODAY            0.21                      0.20   0.01     0.00
  MONTH TO DATE    0.22                      1.19  -0.97     0.00
  SINCE MAR 1      7.61                      9.71  -2.10     8.61
  SINCE JAN 1     10.67                     15.36  -4.69    11.09

DEGREE DAYS
 COOLING
  TODAY            5                         2      3        8
  MONTH TO DATE    7                         7      0       26
  SINCE MAR 1     30                        35     -5       38
  SINCE JAN 1     30                        35     -5       38
..................................................................


WIND (MPH)
  HIGHEST WIND SPEED    25   HIGHEST WIND DIRECTION     S (170)
  HIGHEST GUST SPEED    35   HIGHEST GUST DIRECTION    NW (310)
  AVERAGE WIND SPEED    15.6


SKY COVER
  POSSIBLE SUNSHINE  MM
  AVERAGE SKY COVER 0.7


WEATHER CONDITIONS
 THE FOLLOWING WEATHER WAS RECORDED TODAY.
  HEAVY RAIN
  RAIN
  LIGHT RAIN
  FOG


RELATIVE HUMIDITY (PERCENT)
 HIGHEST   100           700 AM
 LOWEST     57          1200 AM
 AVERAGE    79

..........................................................


THE FAYETTEVILLE ARKANSAS CLIMATE NORMALS FOR TOMORROW
                         NORMAL    RECORD    YEAR
 MAXIMUM TEMPERATURE (F)   74        88      1955
 MINIMUM TEMPERATURE (F)   52        33      1992


SUNRISE AND SUNSET
MAY  6 2015...........SUNRISE   619 AM CDT   SUNSET   808 PM CDT
MAY  7 2015...........SUNRISE   618 AM CDT   SUNSET   809 PM CDT


-  INDICATES NEGATIVE NUMBERS.
R  INDICATES RECORD WAS SET OR TIED.
MM INDICATES DATA IS MISSING.
T  INDICATES TRACE AMOUNT.




$$
