000
CDUS45 KRIW 060735
CLIGEY


CLIMATE REPORT
NATIONAL WEATHER SERVICE RIVERTON WY
135 AM MDT WED MAY 6 2015


...................................

...THE GREYBULL WY CLIMATE SUMMARY FOR MAY 5 2015...

CLIMATE NORMAL PERIOD 1981 TO 2010
CLIMATE RECORD PERIOD 1998 TO 2015


WEATHER ITEM   OBSERVED TIME   RECORD YEAR NORMAL DEPARTURE LAST
                VALUE   (LST)  VALUE       VALUE  FROM      YEAR
                                                  NORMAL
..................................................................
TEMPERATURE (F)
 YESTERDAY
  MAXIMUM         81    323 PM  89    2004  67     14       70
  MINIMUM         48    507 AM  28    2010  39      9       43
  AVERAGE         65                        53     12       57

PRECIPITATION (IN)
  YESTERDAY        T             0.07 2010   0.03  -0.03     0.00
  MONTH TO DATE    T                         0.14  -0.14     0.00
  SINCE MAR 1      0.25                      1.25  -1.00     0.89
  SINCE JAN 1      0.51                      1.66  -1.15     1.15

DEGREE DAYS
 HEATING
  YESTERDAY        0                        12    -12        8
  MONTH TO DATE   21                        65    -44       44
  SINCE MAR 1   1222                      1493   -271     1503
  SINCE JUL 1   6866                      7464   -598     7390

 COOLING
  YESTERDAY        0                         0      0        0
  MONTH TO DATE    0                         0      0        0
  SINCE MAR 1      0                         1     -1        0
  SINCE JAN 1      0                         1     -1        0
..................................................................


WIND (MPH)
  HIGHEST WIND SPEED    31   HIGHEST WIND DIRECTION    NW (330)
  HIGHEST GUST SPEED    39   HIGHEST GUST DIRECTION    NW (330)
  AVERAGE WIND SPEED     8.4


SKY COVER
  POSSIBLE SUNSHINE  MM
  AVERAGE SKY COVER 0.2


WEATHER CONDITIONS
 THE FOLLOWING WEATHER WAS RECORDED YESTERDAY.
  LIGHT RAIN


RELATIVE HUMIDITY (PERCENT)
 HIGHEST    71           500 AM
 LOWEST     16           300 PM
 AVERAGE    44

..........................................................


THE GREYBULL WY CLIMATE NORMALS FOR TODAY
                         NORMAL    RECORD    YEAR
 MAXIMUM TEMPERATURE (F)   67        81      2004
 MINIMUM TEMPERATURE (F)   39        28      2010


SUNRISE AND SUNSET
MAY  6 2015...........SUNRISE   556 AM MDT   SUNSET   823 PM MDT
MAY  7 2015...........SUNRISE   555 AM MDT   SUNSET   824 PM MDT


-  INDICATES NEGATIVE NUMBERS.
R  INDICATES RECORD WAS SET OR TIED.
MM INDICATES DATA IS MISSING.
T  INDICATES TRACE AMOUNT.




$$
