000
CDUS43 KFGF 192152
CLIGFK


CLIMATE REPORT
NATIONAL WEATHER SERVICE EASTERN NORTH DAKOTA/GRAND FORKS
450 PM CDT SUN APR 19 2015


...................................

...THE GRAND FORKS INTL AP ND CLIMATE SUMMARY FOR APRIL 19 2015...
VALID TODAY AS OF 0400 PM LOCAL TIME.

CLIMATE NORMAL PERIOD 1981 TO 2010
CLIMATE RECORD PERIOD 1941 TO 2015


WEATHER ITEM   OBSERVED TIME   RECORD YEAR NORMAL DEPARTURE LAST
                VALUE   (LST)  VALUE       VALUE  FROM      YEAR
                                                  NORMAL
..................................................................
TEMPERATURE (F)
 TODAY
  MAXIMUM         58   1245 AM  85    1985  57      1       63
                                      1952
  MINIMUM         42    233 PM  19    1991  32     10       34
                                      1988
  AVERAGE         50                        44      6       49

PRECIPITATION (IN)
  TODAY            0.44R         0.41 1979   0.03   0.41      T
  MONTH TO DATE    0.55                      0.55   0.00     0.21
  SINCE MAR 1      0.86                      1.51  -0.65     1.14
  SINCE JAN 1      1.68                      2.58  -0.90     2.21

SNOWFALL (IN)
  TODAY            0.0           3.1  1970   0.1   -0.1      0.0
  MONTH TO DATE    0.6                       2.0   -1.4      1.1
  SINCE MAR 1      2.7                       9.2   -6.5     14.6
  SINCE JUL 1     17.0                      46.4  -29.4     60.3
  SNOW DEPTH       0

DEGREE DAYS
 HEATING
  TODAY           15                        21     -6       16
  MONTH TO DATE  402                       493    -91      589
  SINCE MAR 1   1449                      1728   -279     2044
  SINCE JUL 1   8366                      8878   -512     9939

 COOLING
  TODAY            0                         0      0        0
  MONTH TO DATE    0                         0      0        0
  SINCE MAR 1      0                         0      0        0
  SINCE JAN 1      0                         0      0        0
..................................................................


WIND (MPH)
  HIGHEST WIND SPEED    29   HIGHEST WIND DIRECTION    NW (320)
  HIGHEST GUST SPEED    37   HIGHEST GUST DIRECTION    NW (320)
  AVERAGE WIND SPEED    12.7


SKY COVER
  POSSIBLE SUNSHINE  MM
  AVERAGE SKY COVER 1.0


WEATHER CONDITIONS
 THE FOLLOWING WEATHER WAS RECORDED TODAY.
  RAIN
  LIGHT RAIN
  FOG


RELATIVE HUMIDITY (PERCENT)
 HIGHEST    93           300 AM
 LOWEST     33          1200 AM
 AVERAGE    63

..........................................................


THE GRAND FORKS INTL AP ND CLIMATE NORMALS FOR TOMORROW
                         NORMAL    RECORD    YEAR
 MAXIMUM TEMPERATURE (F)   57        90      1980
 MINIMUM TEMPERATURE (F)   32        17      1981


SUNRISE AND SUNSET
APRIL 19 2015.........SUNRISE   632 AM CDT   SUNSET   824 PM CDT
APRIL 20 2015.........SUNRISE   630 AM CDT   SUNSET   826 PM CDT


-  INDICATES NEGATIVE NUMBERS.
R  INDICATES RECORD WAS SET OR TIED.
MM INDICATES DATA IS MISSING.
T  INDICATES TRACE AMOUNT.




$$
