000
CDUS42 KJAX 070531
CLIGNV


CLIMATE REPORT
NATIONAL WEATHER SERVICE JACKSONVILLE FL
131 AM EDT THU MAY 7 2015


...................................

...THE GAINESVILLE CLIMATE SUMMARY FOR MAY 6 2015...

CLIMATE NORMAL PERIOD 1981 TO 2010
CLIMATE RECORD PERIOD 1890 TO 2015


WEATHER ITEM   OBSERVED TIME   RECORD YEAR NORMAL DEPARTURE LAST
                VALUE   (LST)  VALUE       VALUE  FROM      YEAR
                                                  NORMAL
..................................................................
TEMPERATURE (F)
 YESTERDAY
  MAXIMUM         82   1208 PM  96    1955  85     -3       89
                                      1927
  MINIMUM         61   1159 PM  48    1970  60      1       56
                                      1945
  AVERAGE         72                        72      0       73

PRECIPITATION (IN)
  YESTERDAY        T             1.65 1929   0.06  -0.06     0.00
  MONTH TO DATE    0.15                      0.36  -0.21     0.81
  SINCE MAR 1      4.54                      7.36  -2.82     8.94
  SINCE JAN 1      9.80                     13.87  -4.07    18.51

SNOWFALL (IN)
  YESTERDAY        0.0           0.0    MM   0.0    0.0      0.0
  MONTH TO DATE    0.0                       0.0    0.0      0.0
  SINCE MAR 1      0.0                       0.0    0.0      0.0
  SINCE JUL 1      0.0                       0.0    0.0      0.0
  SNOW DEPTH       0

DEGREE DAYS
 HEATING
  YESTERDAY        0                         0      0        0
  MONTH TO DATE    2                         0      2        5
  SINCE MAR 1     62                       180   -118      188
  SINCE JUL 1   1213                      1214     -1     1098

 COOLING
  YESTERDAY        7                         8     -1        8
  MONTH TO DATE   14                        43    -29       35
  SINCE MAR 1    399                       218    181      201
  SINCE JAN 1    414                       250    164      238
..................................................................


WIND (MPH)
  HIGHEST WIND SPEED    18   HIGHEST WIND DIRECTION    NE (50)
  HIGHEST GUST SPEED    21   HIGHEST GUST DIRECTION    NE (50)
  AVERAGE WIND SPEED     7.1


SKY COVER
  POSSIBLE SUNSHINE  MM
  AVERAGE SKY COVER 0.6


WEATHER CONDITIONS
 THE FOLLOWING WEATHER WAS RECORDED YESTERDAY.
  LIGHT RAIN


RELATIVE HUMIDITY (PERCENT)
 HIGHEST   100           600 AM
 LOWEST     58          1200 PM
 AVERAGE    79

..........................................................


THE GAINESVILLE CLIMATE NORMALS FOR TODAY
                         NORMAL    RECORD    YEAR
 MAXIMUM TEMPERATURE (F)   85        96      1955
                                             1927
 MINIMUM TEMPERATURE (F)   60        48      1992
                                             1962


SUNRISE AND SUNSET
MAY  7 2015...........SUNRISE   642 AM EDT   SUNSET   810 PM EDT
MAY  8 2015...........SUNRISE   641 AM EDT   SUNSET   810 PM EDT


-  INDICATES NEGATIVE NUMBERS.
R  INDICATES RECORD WAS SET OR TIED.
MM INDICATES DATA IS MISSING.
T  INDICATES TRACE AMOUNT.




$$
