000
CDUS45 KMSO 270738
CLIGPI


CLIMATE REPORT
NATIONAL WEATHER SERVICE MISSOULA, MT
137 AM MDT MON APR 27 2015


...................................

...THE KALISPELL MT CLIMATE SUMMARY FOR APRIL 26 2015...

CLIMATE NORMAL PERIOD 1981 TO 2010
CLIMATE RECORD PERIOD 1894 TO 2015


WEATHER ITEM   OBSERVED TIME   RECORD YEAR NORMAL DEPARTURE LAST
                VALUE   (LST)  VALUE       VALUE  FROM      YEAR
                                                  NORMAL
..................................................................
TEMPERATURE (F)
 YESTERDAY
  MAXIMUM         57    404 PM  77    1980  59     -2       50
  MINIMUM         35   1144 PM  21    1961  33      2       34
  AVERAGE         46                        46      0       42

PRECIPITATION (IN)
  YESTERDAY        T             0.48 2014   0.04  -0.04     0.48
  MONTH TO DATE    0.35                      1.07  -0.72     1.15
  SINCE OCT 1     11.62                      8.46   3.16    10.48
  SINCE JAN 1      5.54                      4.46   1.08     6.03

SNOWFALL (IN)
  YESTERDAY        0.0
  MONTH TO DATE    T
  SINCE JAN 1     32.9
  SINCE JUL 1     59.4
  SNOW DEPTH       0

DEGREE DAYS
 HEATING
  YESTERDAY       19                        19      0       23
  MONTH TO DATE  567                       567      0      573
  SINCE MAR 1   1362                      1486   -124     1528
  SINCE JUL 1   6812                      7338   -526     7462

 COOLING
  YESTERDAY        0                         0      0        0
  MONTH TO DATE    0                         0      0        0
  SINCE MAR 1      0                         0      0        0
  SINCE JAN 1      0                         0      0        0
..................................................................


WIND (MPH)
  HIGHEST WIND SPEED    16   HIGHEST WIND DIRECTION     N (360)
  HIGHEST GUST SPEED    23   HIGHEST GUST DIRECTION     N (10)
  AVERAGE WIND SPEED     8.1


SKY COVER
  POSSIBLE SUNSHINE  MM
  AVERAGE SKY COVER 0.6


WEATHER CONDITIONS
 THE FOLLOWING WEATHER WAS RECORDED YESTERDAY.
  LIGHT RAIN


RELATIVE HUMIDITY (PERCENT)
 HIGHEST    92          1100 PM
 LOWEST     38           100 PM
 AVERAGE    65

..........................................................


THE KALISPELL MT CLIMATE NORMALS FOR TODAY
                         NORMAL    RECORD    YEAR
 MAXIMUM TEMPERATURE (F)   60        80      1980
 MINIMUM TEMPERATURE (F)   33        18      1907


SUNRISE AND SUNSET
APRIL 27 2015.........SUNRISE   625 AM MDT   SUNSET   845 PM MDT
APRIL 28 2015.........SUNRISE   624 AM MDT   SUNSET   847 PM MDT


-  INDICATES NEGATIVE NUMBERS.
R  INDICATES RECORD WAS SET OR TIED.
MM INDICATES DATA IS MISSING.
T  INDICATES TRACE AMOUNT.




$$
