000
CDUS43 KGID 042228
CLIGRI


CLIMATE REPORT
NATIONAL WEATHER SERVICE HASTINGS NE
527 PM CDT MON MAY 4 2015


...................................

...THE GRAND ISLAND NE CLIMATE SUMMARY FOR MAY 4 2015...
VALID TODAY AS OF 0500 PM LOCAL TIME.

CLIMATE NORMAL PERIOD 1981 TO 2010
CLIMATE RECORD PERIOD 1895 TO 2015


WEATHER ITEM   OBSERVED TIME   RECORD YEAR NORMAL DEPARTURE LAST
                VALUE   (LST)  VALUE       VALUE  FROM      YEAR
                                                  NORMAL
..................................................................
TEMPERATURE (F)
 TODAY
  MAXIMUM         62    243 AM  92    2012  69     -7       71
                                      1962
  MINIMUM         50   1107 AM  25    1967  45      5       49
  AVERAGE         56                        57     -1       60

PRECIPITATION (IN)
  TODAY            0.84          2.59 2001   0.12   0.72     0.00
  MONTH TO DATE    1.68                      0.48   1.20     0.00
  SINCE MAR 1      3.98                      4.81  -0.83     3.10
  SINCE JAN 1      5.15                      6.02  -0.87     3.75

SNOWFALL (IN)
  TODAY            0.0           T    2003   0.0    0.0      0.0
                                      1991
                                      1967
  MONTH TO DATE    0.0                       0.0    0.0      0.0
  SINCE MAR 1      1.4                       6.9   -5.5      2.9
  SINCE JUL 1     24.3                      29.0   -4.7     16.4
  SNOW DEPTH       0

DEGREE DAYS
 HEATING
  TODAY            9                         9      0        5
  MONTH TO DATE    9                        37    -28       35
  SINCE MAR 1   1035                      1278   -243     1285
  SINCE JUL 1   5772                      6039   -267     6120

 COOLING
  TODAY            0                         1     -1        0
  MONTH TO DATE   14                         4     10        0
  SINCE MAR 1     18                        15      3        4
  SINCE JAN 1     18                        15      3        4
..................................................................


WIND (MPH)
  HIGHEST WIND SPEED    26   HIGHEST WIND DIRECTION    NE (50)
  HIGHEST GUST SPEED    35   HIGHEST GUST DIRECTION    NE (50)
  AVERAGE WIND SPEED    14.7


SKY COVER
  POSSIBLE SUNSHINE  MM
  AVERAGE SKY COVER 0.8


WEATHER CONDITIONS
 THE FOLLOWING WEATHER WAS RECORDED TODAY.
  THUNDERSTORM
  HEAVY RAIN
  RAIN
  LIGHT RAIN
  FOG


RELATIVE HUMIDITY (PERCENT)
 HIGHEST    93           300 PM
 LOWEST     37           900 AM
 AVERAGE    65

..........................................................


THE GRAND ISLAND NE CLIMATE NORMALS FOR TOMORROW
                         NORMAL    RECORD    YEAR
 MAXIMUM TEMPERATURE (F)   69        95      2012
 MINIMUM TEMPERATURE (F)   46        29      1944


SUNRISE AND SUNSET
MAY  4 2015...........SUNRISE   628 AM CDT   SUNSET   833 PM CDT
MAY  5 2015...........SUNRISE   627 AM CDT   SUNSET   834 PM CDT


-  INDICATES NEGATIVE NUMBERS.
R  INDICATES RECORD WAS SET OR TIED.
MM INDICATES DATA IS MISSING.
T  INDICATES TRACE AMOUNT.




$$
