000
CDUS42 KRAH 260749
CLIGSO


CLIMATE REPORT
NATIONAL WEATHER SERVICE RALEIGH NC
348 AM EDT SUN APR 26 2015


...................................

...THE PIEDMONT TRIAD INTL AIRPORT NC CLIMATE SUMMARY FOR APRIL 25 2015...

CLIMATE NORMAL PERIOD 1981 TO 2010
CLIMATE RECORD PERIOD 1903 TO 2015


WEATHER ITEM   OBSERVED TIME   RECORD YEAR NORMAL DEPARTURE LAST
                VALUE   (LST)  VALUE       VALUE  FROM      YEAR
                                                  NORMAL
..................................................................
TEMPERATURE (F)
 YESTERDAY
  MAXIMUM         54    713 AM  94    1925  73    -19       78
  MINIMUM         45   1159 PM  32    1930  50     -5       51
  AVERAGE         50                        61    -11       65

PRECIPITATION (IN)
  YESTERDAY        0.15          1.75 1978   0.12   0.03     0.02
  MONTH TO DATE    2.48                      3.01  -0.53     3.93
  SINCE MAR 1      5.20                      6.74  -1.54     8.29
  SINCE JAN 1      9.88                     12.76  -2.88    14.51

SNOWFALL (IN)
  YESTERDAY        0.0           0.0    MM   0.0    0.0      0.0
  MONTH TO DATE    0.0                       0.1   -0.1      0.0
  SINCE MAR 1      T                         0.9   -0.9      4.7
  SINCE JUL 1      9.6                       7.6    2.0     15.3
  SNOW DEPTH       0

DEGREE DAYS
 HEATING
  YESTERDAY       15                         5     10        0
  MONTH TO DATE  112                       197    -85      166
  SINCE MAR 1    540                       667   -127      793
  SINCE JUL 1   3625                      3522    103     3770

 COOLING
  YESTERDAY        0                         2     -2        0
  MONTH TO DATE   35                        27      8       17
  SINCE MAR 1     37                        32      5       17
  SINCE JAN 1     37                        32      5       17
..................................................................


WIND (MPH)
  HIGHEST WIND SPEED    13   HIGHEST WIND DIRECTION    NE (50)
  HIGHEST GUST SPEED    16   HIGHEST GUST DIRECTION    NE (40)
  AVERAGE WIND SPEED     5.5


SKY COVER
  POSSIBLE SUNSHINE  MM
  AVERAGE SKY COVER 0.9


WEATHER CONDITIONS
 THE FOLLOWING WEATHER WAS RECORDED YESTERDAY.
  RAIN
  LIGHT RAIN
  FOG


RELATIVE HUMIDITY (PERCENT)
 HIGHEST   100           300 PM
 LOWEST     50           200 AM
 AVERAGE    75

..........................................................


THE PIEDMONT TRIAD INTL AIRPORT NC CLIMATE NORMALS FOR TODAY
                         NORMAL    RECORD    YEAR
 MAXIMUM TEMPERATURE (F)   73        93      1925
 MINIMUM TEMPERATURE (F)   50        31      1919


SUNRISE AND SUNSET
APRIL 26 2015.........SUNRISE   633 AM EDT   SUNSET   803 PM EDT
APRIL 27 2015.........SUNRISE   632 AM EDT   SUNSET   804 PM EDT


-  INDICATES NEGATIVE NUMBERS.
R  INDICATES RECORD WAS SET OR TIED.
MM INDICATES DATA IS MISSING.
T  INDICATES TRACE AMOUNT.




$$
