000
CDUS44 KJAN 042115
CLIHBG


CLIMATE REPORT
NATIONAL WEATHER SERVICE JACKSON MS
414 PM CDT MON MAY 4 2015


...................................

...THE HATTIESBURG CLIMATE SUMMARY FOR MAY 4 2015...
VALID TODAY AS OF 0400 PM LOCAL TIME.

CLIMATE NORMAL PERIOD 1981 TO 2010
CLIMATE RECORD PERIOD 1948 TO 2015


WEATHER ITEM   OBSERVED TIME   RECORD YEAR NORMAL DEPARTURE LAST
                VALUE   (LST)  VALUE       VALUE  FROM      YEAR
                                                  NORMAL
..................................................................
TEMPERATURE (F)
 TODAY
  MAXIMUM         85    231 PM  92    2002  83      2       89
  MINIMUM         56    217 AM  38    2013  58     -2       52
  AVERAGE         71                        71      0       71

PRECIPITATION (IN)
  TODAY            0.00          2.98 2009   0.16  -0.16     0.00
  MONTH TO DATE    0.00                      0.62  -0.62     0.00
  SINCE MAR 1      9.08                     11.05  -1.97    12.61
  SINCE JAN 1     16.91                     22.18  -5.27    22.51

SNOWFALL (IN)
  TODAY            0.0

DEGREE DAYS
 HEATING
  TODAY            0                         1     -1        0
  MONTH TO DATE    1                         4     -3        6
  SINCE MAR 1    131                       304   -173      348
  SINCE JUL 1   1912                      1982    -70     2271

 COOLING
  TODAY            6                         6      0        6
  MONTH TO DATE    9                        23    -14        6
  SINCE MAR 1    282                       148    134      114
  SINCE JAN 1    288                       163    125      131
..................................................................


WIND (MPH)
  HIGHEST WIND SPEED    16   HIGHEST WIND DIRECTION    SE (130)
  HIGHEST GUST SPEED    21   HIGHEST GUST DIRECTION     E (90)
  AVERAGE WIND SPEED     4.1


SKY COVER
  POSSIBLE SUNSHINE  MM
  AVERAGE SKY COVER 0.5


WEATHER CONDITIONS
 THE FOLLOWING WEATHER WAS RECORDED TODAY.
  FOG


RELATIVE HUMIDITY (PERCENT)
 HIGHEST    93           200 AM
 LOWEST     40          1200 PM
 AVERAGE    67

..........................................................


THE HATTIESBURG CLIMATE NORMALS FOR TOMORROW
                         NORMAL    RECORD    YEAR
 MAXIMUM TEMPERATURE (F)   83        92      1952
 MINIMUM TEMPERATURE (F)   59        42      2011
                                             1954


SUNRISE AND SUNSET
MAY  4 2015...........SUNRISE   610 AM CDT   SUNSET   738 PM CDT
MAY  5 2015...........SUNRISE   609 AM CDT   SUNSET   739 PM CDT


-  INDICATES NEGATIVE NUMBERS.
R  INDICATES RECORD WAS SET OR TIED.
MM INDICATES DATA IS MISSING.
T  INDICATES TRACE AMOUNT.




$$
