000
CDUS42 KMHX 070525
CLIHSE


CLIMATE REPORT
NATIONAL WEATHER SERVICE NEWPORT/MOREHEAD CITY NC
125 AM EDT THU MAY 7 2015


...................................

...THE CAPE HATTERAS NC CLIMATE SUMMARY FOR MAY 6 2015...

CLIMATE NORMAL PERIOD 1981 TO 2010
CLIMATE RECORD PERIOD 1874 TO 2015


WEATHER ITEM   OBSERVED TIME   RECORD YEAR NORMAL DEPARTURE LAST
                VALUE   (LST)  VALUE       VALUE  FROM      YEAR
                                                  NORMAL
..................................................................
TEMPERATURE (F)
 YESTERDAY
  MAXIMUM         74    110 PM  84    1977  71      3       77
  MINIMUM         52    412 AM  40    1987  58     -6       61
  AVERAGE         63                        64     -1       69

PRECIPITATION (IN)
  YESTERDAY        0.00          4.98 2005   0.12  -0.12     0.00
  MONTH TO DATE    0.14                      0.71  -0.57     0.81
  SINCE MAR 1      4.61                      9.12  -4.51    12.09
  SINCE JAN 1     16.56                     18.38  -1.82    22.18

SNOWFALL (IN)
  YESTERDAY        0.0
  MONTH TO DATE    0.0
  SINCE NOV 1      2.0
  SINCE JUL 1      2.0
  SNOW DEPTH       0

DEGREE DAYS
 HEATING
  YESTERDAY        2                         3     -1        0
  MONTH TO DATE   38                        18     20        1
  SINCE MAR 1    615                       628    -13      693
  SINCE JUL 1   2788                      2552    236     2526

 COOLING
  YESTERDAY        0                         2     -2        4
  MONTH TO DATE    0                        12    -12       16
  SINCE MAR 1     17                        40    -23       43
  SINCE JAN 1     19                        40    -21       43
..................................................................


WIND (MPH)
  HIGHEST WIND SPEED    12   HIGHEST WIND DIRECTION    SE (120)
  HIGHEST GUST SPEED    14   HIGHEST GUST DIRECTION     E (100)
  AVERAGE WIND SPEED     5.9


SKY COVER
  POSSIBLE SUNSHINE  MM
  AVERAGE SKY COVER 0.1


WEATHER CONDITIONS
 THE FOLLOWING WEATHER WAS RECORDED YESTERDAY.
  NO SIGNIFICANT WEATHER WAS OBSERVED.


RELATIVE HUMIDITY (PERCENT)
 HIGHEST    93           300 AM
 LOWEST     49          1000 AM
 AVERAGE    71

..........................................................


THE CAPE HATTERAS NC CLIMATE NORMALS FOR TODAY
                         NORMAL    RECORD    YEAR
 MAXIMUM TEMPERATURE (F)   71        84      1977
 MINIMUM TEMPERATURE (F)   58        39      1968


SUNRISE AND SUNSET
MAY  7 2015...........SUNRISE   605 AM EDT   SUNSET   753 PM EDT
MAY  8 2015...........SUNRISE   605 AM EDT   SUNSET   754 PM EDT


-  INDICATES NEGATIVE NUMBERS.
R  INDICATES RECORD WAS SET OR TIED.
MM INDICATES DATA IS MISSING.
T  INDICATES TRACE AMOUNT.




$$
