000
CDUS43 KGID 012221
CLIHSI


CLIMATE REPORT
NATIONAL WEATHER SERVICE HASTINGS NE
521 PM CDT WED APR 1 2015


...................................

...THE HASTINGS NE CLIMATE SUMMARY FOR APRIL 1 2015...
VALID TODAY AS OF 0500 PM LOCAL TIME.

CLIMATE NORMAL PERIOD 1981 TO 2010
CLIMATE RECORD PERIOD 1894 TO 2015


WEATHER ITEM   OBSERVED TIME   RECORD YEAR NORMAL DEPARTURE LAST
                VALUE   (LST)  VALUE       VALUE  FROM      YEAR
                                                  NORMAL
..................................................................
TEMPERATURE (F)
 TODAY
  MAXIMUM         85    335 PM  88    2003  58     27       47
  MINIMUM         53    528 AM  15    1975  34     19       20
                                      1926
  AVERAGE         69                        46     23       34

PRECIPITATION (IN)
  TODAY            0.00          1.47 1960   0.06  -0.06     0.00
  MONTH TO DATE    0.00                      0.06  -0.06     0.00
  SINCE MAR 1      0.20                      1.85  -1.65     0.15
  SINCE JAN 1      1.31                      2.75  -1.44     0.86

SNOWFALL (IN)
  TODAY            0.0           3.0  1936   0.1   -0.1      0.0
  MONTH TO DATE    0.0                       0.1   -0.1      0.0
  SINCE MAR 1      0.8                       5.3   -4.5      1.2
  SINCE JUL 1     17.0                      27.7  -10.7     19.5
  SNOW DEPTH       0

DEGREE DAYS
 HEATING
  TODAY            0                        19    -19       31
  MONTH TO DATE    0                        19    -19       31
  SINCE MAR 1    634                       796   -162      890
  SINCE JUL 1   5257                      5426   -169     5770

 COOLING
  TODAY            4                         0      4        0
  MONTH TO DATE    4                         0      4        0
  SINCE MAR 1      4                         0      4        0
  SINCE JAN 1      4                         0      4        0
..................................................................


WIND (MPH)
  HIGHEST WIND SPEED    26   HIGHEST WIND DIRECTION     S (200)
  HIGHEST GUST SPEED    39   HIGHEST GUST DIRECTION     S (200)
  AVERAGE WIND SPEED    15.8


SKY COVER
  AVERAGE SKY COVER 0.0


WEATHER CONDITIONS
 THE FOLLOWING WEATHER WAS RECORDED TODAY.
  NO SIGNIFICANT WEATHER WAS OBSERVED.


RELATIVE HUMIDITY (PERCENT)
 HIGHEST    64           600 AM
 LOWEST     25           400 PM
 AVERAGE    45

..........................................................


THE HASTINGS NE CLIMATE NORMALS FOR TOMORROW
                         NORMAL    RECORD    YEAR
 MAXIMUM TEMPERATURE (F)   59        86      1996
 MINIMUM TEMPERATURE (F)   34        12      1975
                                             1936


SUNRISE AND SUNSET
APRIL  1 2015.........SUNRISE   718 AM CDT   SUNSET   758 PM CDT
APRIL  2 2015.........SUNRISE   716 AM CDT   SUNSET   759 PM CDT


-  INDICATES NEGATIVE NUMBERS.
R  INDICATES RECORD WAS SET OR TIED.
MM INDICATES DATA IS MISSING.
T  INDICATES TRACE AMOUNT.




$$
