000
CDUS44 KHUN 280719
CLIHSV


CLIMATE REPORT
NATIONAL WEATHER SERVICE HUNTSVILLE AL
218 AM CDT TUE APR 28 2015


...................................

...THE HUNTSVILLE CLIMATE SUMMARY FOR APRIL 27 2015...

CLIMATE NORMAL PERIOD 1981 TO 2010
CLIMATE RECORD PERIOD 1894 TO 2015


WEATHER ITEM   OBSERVED TIME   RECORD YEAR NORMAL DEPARTURE LAST
                VALUE   (LST)  VALUE       VALUE  FROM      YEAR
                                                  NORMAL
..................................................................
TEMPERATURE (F)
 YESTERDAY
  MAXIMUM         69    441 PM  90    1986  77     -8       77
  MINIMUM         47    506 AM  36    1919  54     -7       58
  AVERAGE         58                        65     -7       68

PRECIPITATION (IN)
  YESTERDAY        0.00          3.50 2011   0.15  -0.15     0.39
  MONTH TO DATE    6.70                      3.87   2.83     4.79
  SINCE MAR 1     12.32                      9.08   3.24     7.47
  SINCE JAN 1     20.06                     18.81   1.25    17.34

SNOWFALL (IN)
  YESTERDAY        0.0
  MONTH TO DATE    0.0
  SINCE MAR 1      1.0
  SINCE JUL 1      9.8
  SNOW DEPTH       0

DEGREE DAYS
 HEATING
  YESTERDAY        7                         3      4        0
  MONTH TO DATE   59                       147    -88      127
  SINCE MAR 1    366                       515   -149      589
  SINCE JUL 1   3007                      2967     40     3424

 COOLING
  YESTERDAY        0                         3     -3        3
  MONTH TO DATE   58                        49      9       27
  SINCE MAR 1     60                        62     -2       27
  SINCE JAN 1     60                        63     -3       28
..................................................................


WIND (MPH)
  HIGHEST WIND SPEED    17   HIGHEST WIND DIRECTION     N (10)
  HIGHEST GUST SPEED    22   HIGHEST GUST DIRECTION     N (360)
  AVERAGE WIND SPEED     8.2


SKY COVER
  POSSIBLE SUNSHINE  MM
  AVERAGE SKY COVER 0.5


WEATHER CONDITIONS
 THE FOLLOWING WEATHER WAS RECORDED YESTERDAY.
  FOG


RELATIVE HUMIDITY (PERCENT)
 HIGHEST    93           400 AM
 LOWEST     35           400 PM
 AVERAGE    64

..........................................................


THE HUNTSVILLE CLIMATE NORMALS FOR TODAY
                         NORMAL    RECORD    YEAR
 MAXIMUM TEMPERATURE (F)   77        90      1989
 MINIMUM TEMPERATURE (F)   54        34      1928


SUNRISE AND SUNSET
APRIL 28 2015.........SUNRISE   600 AM CDT   SUNSET   729 PM CDT
APRIL 29 2015.........SUNRISE   559 AM CDT   SUNSET   730 PM CDT


-  INDICATES NEGATIVE NUMBERS.
R  INDICATES RECORD WAS SET OR TIED.
MM INDICATES DATA IS MISSING.
T  INDICATES TRACE AMOUNT.




$$
