000
CDUS45 KPIH 040731
CLIIDA


CLIMATE REPORT
NATIONAL WEATHER SERVICE POCATELLO ID
130 AM MDT MON MAY 4 2015


...................................

...THE IDAHO FALLS ID CLIMATE SUMMARY FOR MAY 3 2015...

CLIMATE NORMAL PERIOD 1981 TO 2010
CLIMATE RECORD PERIOD 1948 TO 2015


WEATHER ITEM   OBSERVED TIME   RECORD YEAR NORMAL DEPARTURE LAST
                VALUE   (LST)  VALUE       VALUE  FROM      YEAR
                                                  NORMAL
..................................................................
TEMPERATURE (F)
 YESTERDAY
  MAXIMUM         74    110 PM  85    1966  63     11       76
  MINIMUM         44   1152 PM  26    2008  35      9       48
                                      2006
                                      1965
  AVERAGE         59                        49     10       62

PRECIPITATION (IN)
  YESTERDAY        0.02          0.55 1993   0.04  -0.02     0.00
  MONTH TO DATE    0.02                      0.14  -0.12     0.00
  SINCE OCT 1      2.41                      6.06  -3.65     4.56
  SINCE JAN 1      0.95                      3.49  -2.54     3.26

SNOWFALL (IN)
  YESTERDAY       MM
  MONTH TO DATE   MM
  SINCE MAR 1     MM
  SINCE JUL 1     MM
  SNOW DEPTH      MM

DEGREE DAYS
 HEATING
  YESTERDAY        6                        16    -10        3
  MONTH TO DATE   22                        48    -26       28
  SINCE MAR 1   1289                      1559   -270     1420
  SINCE JUL 1   6107                      7361  -1254     6937

 COOLING
  YESTERDAY        0                         0      0        0
  MONTH TO DATE    0                         0      0        0
  SINCE MAR 1      0                         0      0        0
  SINCE JAN 1      0                         0      0        0
..................................................................


WIND (MPH)
  HIGHEST WIND SPEED    29   HIGHEST WIND DIRECTION    NW (300)
  HIGHEST GUST SPEED    37   HIGHEST GUST DIRECTION     W (290)
  AVERAGE WIND SPEED     7.8


SKY COVER
  POSSIBLE SUNSHINE  MM
  AVERAGE SKY COVER 0.6


WEATHER CONDITIONS
 THE FOLLOWING WEATHER WAS RECORDED YESTERDAY.
  RAIN
  LIGHT RAIN


RELATIVE HUMIDITY (PERCENT)
 HIGHEST    80          1100 PM
 LOWEST     24           100 PM
 AVERAGE    52

..........................................................


THE IDAHO FALLS ID CLIMATE NORMALS FOR TODAY
                         NORMAL    RECORD    YEAR
 MAXIMUM TEMPERATURE (F)   64        86      1966
 MINIMUM TEMPERATURE (F)   36        22      2001


SUNRISE AND SUNSET
MAY  4 2015...........SUNRISE   617 AM MDT   SUNSET   834 PM MDT
MAY  5 2015...........SUNRISE   616 AM MDT   SUNSET   835 PM MDT


-  INDICATES NEGATIVE NUMBERS.
R  INDICATES RECORD WAS SET OR TIED.
MM INDICATES DATA IS MISSING.
T  INDICATES TRACE AMOUNT.




$$
