000
CDUS43 KUNR 210832
CLIIEN


CLIMATE REPORT
NATIONAL WEATHER SERVICE RAPID CITY SD
231 AM MDT TUE APR 21 2015


...................................

...THE PINE RIDGE SD CLIMATE SUMMARY FOR APRIL 20 2015...

CLIMATE NORMAL PERIOD 1981 TO 2010
CLIMATE RECORD PERIOD 9999 TO 9999


WEATHER ITEM   OBSERVED TIME   NORMAL DEPARTURE LAST
                VALUE   (LST)  VALUE  FROM      YEAR
                                      NORMAL
......................................................
TEMPERATURE (F)
 YESTERDAY
  MAXIMUM         54    413 PM  61     -7       78
  MINIMUM         24    357 AM  32     -8       46
  AVERAGE         39            47     -8       62

PRECIPITATION (IN)
  YESTERDAY        0.00          0.07  -0.07     0.00
  MONTH TO DATE    1.66          1.19   0.47     0.78
  SINCE MAR 1      1.84          2.06  -0.22     1.12
  SINCE JAN 1      2.30          2.85  -0.55     1.39

DEGREE DAYS
 HEATING
  YESTERDAY       26            18      8        3
  MONTH TO DATE  421           418      3      459
  SINCE MAR 1   1128          1306   -178     1392
  SINCE JUL 1   6338          6656   -318     6874

 COOLING
  YESTERDAY        0             0      0        0
  MONTH TO DATE    0             0      0        0
  SINCE MAR 1      0             0      0        0
  SINCE JAN 1      0             0      0        0
......................................................


WIND (MPH)
  HIGHEST WIND SPEED    23   HIGHEST WIND DIRECTION    NW (300)
  HIGHEST GUST SPEED    31   HIGHEST GUST DIRECTION     W (290)
  AVERAGE WIND SPEED     7.5


SKY COVER
  AVERAGE SKY COVER 0.2


WEATHER CONDITIONS
 THE FOLLOWING WEATHER WAS RECORDED YESTERDAY.
  NO SIGNIFICANT WEATHER WAS OBSERVED.


RELATIVE HUMIDITY (PERCENT)
 HIGHEST    81           100 AM
 LOWEST     26           300 PM
 AVERAGE    54

..........................................................




SUNRISE AND SUNSET
APRIL 21 2015.........SUNRISE   559 AM MDT   SUNSET   739 PM MDT
APRIL 22 2015.........SUNRISE   557 AM MDT   SUNSET   741 PM MDT


-  INDICATES NEGATIVE NUMBERS.
R  INDICATES RECORD WAS SET OR TIED.
MM INDICATES DATA IS MISSING.
T  INDICATES TRACE AMOUNT.




$$
