000
CDUS45 KVEF 060826
CLIIGM


CLIMATE REPORT
NATIONAL WEATHER SERVICE LAS VEGAS, NV
125 AM PDT WED MAY 6 2015


...................................

...THE KINGMAN AZ CLIMATE SUMMARY FOR MAY 5 2015...

CLIMATE NORMAL PERIOD 1981 TO 2010
CLIMATE RECORD PERIOD 1901 TO 2015


WEATHER ITEM   OBSERVED TIME   RECORD YEAR NORMAL DEPARTURE LAST
                VALUE   (LST)  VALUE       VALUE  FROM      YEAR
                                                  NORMAL
..................................................................
TEMPERATURE (F)
 YESTERDAY
  MAXIMUM         76    451 PM 100    1947  81     -5       87
  MINIMUM         55    644 AM  33    1915  50      5       57
  AVERAGE         66                        65      1       72

PRECIPITATION (IN)
  YESTERDAY        0.05          0.77 1969   0.02   0.03     0.00
  MONTH TO DATE    0.08                      0.06   0.02     0.00
  SINCE OCT 1      5.02                      5.49  -0.47     1.67
  SINCE JAN 1      2.89                      3.39  -0.50     0.79

DEGREE DAYS
 HEATING
  YESTERDAY        0                         3     -3        0
  MONTH TO DATE    2                        16    -14        1
  SINCE MAR 1    464                       649   -185      471
  SINCE JUL 1   2444                      3062   -618     2793

 COOLING
  YESTERDAY        1                         3     -2        7
  MONTH TO DATE   21                        14      7       27
  SINCE MAR 1     39                        45     -6       60
  SINCE JAN 1     39                        45     -6       60
..................................................................


WIND (MPH)
  RESULTANT WIND SPEED  10   RESULTANT WIND DIRECTION  SW (210)
  HIGHEST WIND SPEED    25   HIGHEST WIND DIRECTION    SW (220)
  HIGHEST GUST SPEED    31   HIGHEST GUST DIRECTION    SW (210)
  AVERAGE WIND SPEED    11.0


SKY COVER
  POSSIBLE SUNSHINE  MM
  AVERAGE SKY COVER 0.4


WEATHER CONDITIONS
 THE FOLLOWING WEATHER WAS RECORDED YESTERDAY.
  LIGHT RAIN


RELATIVE HUMIDITY (PERCENT)
 HIGHEST    86           500 AM
 LOWEST     27           400 PM
 AVERAGE    57

..........................................................


THE KINGMAN AZ CLIMATE NORMALS FOR TODAY
                         NORMAL    RECORD    YEAR
 MAXIMUM TEMPERATURE (F)   81        98      1947
 MINIMUM TEMPERATURE (F)   50        32      1978


SUNRISE AND SUNSET
MAY  6 2015...........SUNRISE   540 AM MST   SUNSET   726 PM MST
MAY  7 2015...........SUNRISE   539 AM MST   SUNSET   727 PM MST


-  INDICATES NEGATIVE NUMBERS.
R  INDICATES RECORD WAS SET OR TIED.
MM INDICATES DATA IS MISSING.
T  INDICATES TRACE AMOUNT.




$$
