000
CDUS42 KILM 172045
CLIILM


CLIMATE REPORT
NATIONAL WEATHER SERVICE WILMINGTON NC
442 PM EDT FRI APR 17 2015


...................................

...THE WILMINGTON NC CLIMATE SUMMARY FOR APRIL 17 2015...
VALID TODAY AS OF 0400 PM LOCAL TIME.

CLIMATE NORMAL PERIOD 1981 TO 2010
CLIMATE RECORD PERIOD 1871 TO 2015


WEATHER ITEM   OBSERVED TIME   RECORD YEAR NORMAL DEPARTURE LAST
                VALUE   (LST)  VALUE       VALUE  FROM      YEAR
                                                  NORMAL
..................................................................
TEMPERATURE (F)
 TODAY
  MAXIMUM         77    140 PM  89    2006  75      2       70
  MINIMUM         65    632 AM  34    2009  52     13       38
  AVERAGE         71                        63      8       54

PRECIPITATION (IN)
  TODAY            0.16          1.82 1946   0.09   0.07     0.00
  MONTH TO DATE    1.38                      1.60  -0.22     0.67
  SINCE MAR 1      4.81                      5.81  -1.00     7.06
  SINCE JAN 1     14.13                     13.19   0.94    12.52

SNOWFALL (IN)
  TODAY            0.0          MM      MM   0.0    0.0      0.0
  MONTH TO DATE    0.0                       0.0    0.0      0.0
  SINCE MAR 1      0.0                       0.2   -0.2      0.0
  SINCE JUL 1      0.3                       1.7   -1.4      1.0
  SNOW DEPTH       0

DEGREE DAYS
 HEATING
  TODAY            0                         4     -4       11
  MONTH TO DATE   51                        93    -42       49
  SINCE MAR 1    364                       416    -52      462
  SINCE JUL 1   2547                      2345    202     2396

 COOLING
  TODAY            6                         2      4        0
  MONTH TO DATE   41                        28     13       58
  SINCE MAR 1     61                        44     17       60
  SINCE JAN 1     67                        49     18       65
..................................................................


WIND (MPH)
  HIGHEST WIND SPEED    13   HIGHEST WIND DIRECTION    SE (130)
  HIGHEST GUST SPEED    17   HIGHEST GUST DIRECTION    SE (130)
  AVERAGE WIND SPEED     5.8


SKY COVER
  POSSIBLE SUNSHINE  MM
  AVERAGE SKY COVER 0.9


WEATHER CONDITIONS
 THE FOLLOWING WEATHER WAS RECORDED TODAY.
  HEAVY RAIN
  RAIN
  LIGHT RAIN
  FOG


RELATIVE HUMIDITY (PERCENT)
 HIGHEST    93           400 AM
 LOWEST     69           300 PM
 AVERAGE    81

..........................................................


THE WILMINGTON NC CLIMATE NORMALS FOR TOMORROW
                         NORMAL    RECORD    YEAR
 MAXIMUM TEMPERATURE (F)   75        93      1976
 MINIMUM TEMPERATURE (F)   52        32      1875


SUNRISE AND SUNSET
APRIL 17 2015.........SUNRISE   638 AM EDT   SUNSET   745 PM EDT
APRIL 18 2015.........SUNRISE   637 AM EDT   SUNSET   745 PM EDT


-  INDICATES NEGATIVE NUMBERS.
R  INDICATES RECORD WAS SET OR TIED.
MM INDICATES DATA IS MISSING.
T  INDICATES TRACE AMOUNT.




$$
