000
CDUS43 KILX 280646
CLIILX


CLIMATE REPORT
NATIONAL WEATHER SERVICE LINCOLN IL
146 AM CDT TUE APR 28 2015


...................................

...THE LINCOLN IL CLIMATE SUMMARY FOR APRIL 27 2015...

CLIMATE NORMAL PERIOD 1981 TO 2010
CLIMATE RECORD PERIOD 1905 TO 2015


WEATHER ITEM   OBSERVED TIME   RECORD YEAR NORMAL DEPARTURE LAST
                VALUE   (LST)  VALUE       VALUE  FROM      YEAR
                                                  NORMAL
..................................................................
TEMPERATURE (F)
 YESTERDAY
  MAXIMUM         64        MM  90    1986  68     -4       81
  MINIMUM         34        MM  24    1928  45    -11       49
  AVERAGE         49                        57     -8       65

PRECIPITATION (IN)
  YESTERDAY        0.00          2.14 2002   0.13  -0.13     0.17
  MONTH TO DATE    2.24                      3.21  -0.97     2.39
  SINCE MAR 1      3.79                      5.81  -2.02     4.28
  SINCE JAN 1      6.55                      9.56  -3.01     8.94

SNOWFALL (IN)
  YESTERDAY        0.0           T    1908   0.0    0.0      0.0
  MONTH TO DATE    0.0                       0.3   -0.3       T
  SINCE MAR 1      3.7                       2.0    1.7      4.7
  SINCE JUL 1     21.9                      20.5    1.4     46.3
  SNOW DEPTH       0

DEGREE DAYS
 HEATING
  YESTERDAY       16                         9      7        0
  MONTH TO DATE  289                       366    -77      331
  SINCE MAR 1   1114                      1107      7     1263
  SINCE JUL 1   6051                      5530    521     6507

 COOLING
  YESTERDAY        0                         1     -1        0
  MONTH TO DATE    1                        10     -9        1
  SINCE MAR 1      1                        12    -11        1
  SINCE JAN 1      1                        12    -11        1
..................................................................


WIND (MPH)
  HIGHEST WIND SPEED    MM   HIGHEST WIND DIRECTION    MM
  HIGHEST GUST SPEED    MM   HIGHEST GUST DIRECTION    MM
  AVERAGE WIND SPEED    MM


SKY COVER
  POSSIBLE SUNSHINE  MM


WEATHER CONDITIONS
 THE FOLLOWING WEATHER WAS RECORDED YESTERDAY.
  NO SIGNIFICANT WEATHER WAS OBSERVED.


..........................................................


THE LINCOLN IL CLIMATE NORMALS FOR TODAY
                         NORMAL    RECORD    YEAR
 MAXIMUM TEMPERATURE (F)   69        87      1986
 MINIMUM TEMPERATURE (F)   46        23      1928


SUNRISE AND SUNSET
APRIL 28 2015.........SUNRISE   601 AM CDT   SUNSET   749 PM CDT
APRIL 29 2015.........SUNRISE   600 AM CDT   SUNSET   750 PM CDT


-  INDICATES NEGATIVE NUMBERS.
R  INDICATES RECORD WAS SET OR TIED.
MM INDICATES DATA IS MISSING.
T  INDICATES TRACE AMOUNT.




$$
