000
CDUS43 KIND 050540
CLIIND


CLIMATE REPORT
NATIONAL WEATHER SERVICE INDIANAPOLIS IN
140 AM EDT TUE MAY 5 2015


...................................

...THE INDIANAPOLIS IN CLIMATE SUMMARY FOR MAY 4 2015...

CLIMATE NORMAL PERIOD 1981 TO 2010
CLIMATE RECORD PERIOD 1871 TO 2015


WEATHER ITEM   OBSERVED TIME   RECORD YEAR NORMAL DEPARTURE LAST
                VALUE   (LST)  VALUE       VALUE  FROM      YEAR
                                                  NORMAL
..................................................................
TEMPERATURE (F)
 YESTERDAY
  MAXIMUM         76    538 PM  88    1949  69      7       68
                                      1895
  MINIMUM         58    548 AM  30    1976  49      9       48
  AVERAGE         67                        59      8       58

PRECIPITATION (IN)
  YESTERDAY        0.13          1.47 1996   0.16  -0.03     0.00
  MONTH TO DATE    0.13                      0.63  -0.50      T
  SINCE MAR 1      7.66                      8.00  -0.34     7.77
  SINCE JAN 1     10.81                     12.98  -2.17    12.56

SNOWFALL (IN)
  YESTERDAY        0.0           T    1917   0.0    0.0      0.0
  MONTH TO DATE    0.0                       0.0    0.0      0.0
  SINCE MAR 1      5.9                       2.8    3.1      3.4
  SINCE JUL 1     25.6                      25.9   -0.3     55.7
  SNOW DEPTH       0

DEGREE DAYS
 HEATING
  YESTERDAY        0                         7     -7        7
  MONTH TO DATE   13                        29    -16       53
  SINCE MAR 1   1116                      1108      8     1309
  SINCE JUL 1   5842                      5251    591     6106

 COOLING
  YESTERDAY        2                         1      1        0
  MONTH TO DATE    3                         4     -1        0
  SINCE MAR 1      9                        19    -10        4
  SINCE JAN 1      9                        19    -10        4
..................................................................


WIND (MPH)
  HIGHEST WIND SPEED    18   HIGHEST WIND DIRECTION     W (270)
  HIGHEST GUST SPEED    23   HIGHEST GUST DIRECTION     N (340)
  AVERAGE WIND SPEED     9.0


SKY COVER
  AVERAGE SKY COVER 0.8


WEATHER CONDITIONS
 THE FOLLOWING WEATHER WAS RECORDED YESTERDAY.
  RAIN
  LIGHT RAIN
  FOG


RELATIVE HUMIDITY (PERCENT)
 HIGHEST    84          1100 AM
 LOWEST     52          1200 AM
 AVERAGE    68

..........................................................


THE INDIANAPOLIS IN CLIMATE NORMALS FOR TODAY
                         NORMAL    RECORD    YEAR
 MAXIMUM TEMPERATURE (F)   70        92      1952
 MINIMUM TEMPERATURE (F)   49        35      1973
                                             1957
                                             1907


SUNRISE AND SUNSET
MAY  5 2015...........SUNRISE   641 AM EDT   SUNSET   843 PM EDT
MAY  6 2015...........SUNRISE   640 AM EDT   SUNSET   844 PM EDT


-  INDICATES NEGATIVE NUMBERS.
R  INDICATES RECORD WAS SET OR TIED.
MM INDICATES DATA IS MISSING.
T  INDICATES TRACE AMOUNT.




$$
