000
CDUS45 KFGZ 040101
CLIINW

CLIMATE REPORT
NATIONAL WEATHER SERVICE FLAGSTAFF, AZ
555 PM MST SUN MAY 3 2015


...................................

...THE WINSLOW AZ AIRPORT CLIMATE SUMMARY FOR MAY 3 2015...
VALID TODAY AS OF 0500 PM LOCAL TIME.

CLIMATE NORMAL PERIOD 1981 TO 2010
CLIMATE RECORD PERIOD 1915 TO 2015


WEATHER ITEM   OBSERVED TIME   RECORD YEAR NORMAL DEPARTURE LAST
                VALUE   (LST)  VALUE       VALUE  FROM      YEAR
                                                  NORMAL
..................................................................
TEMPERATURE (F)
 TODAY
  MAXIMUM         76   1012 AM  93    1947  77     -1       88
  MINIMUM         49    226 AM  25    2008  42      7       40
  AVERAGE         63                        60      3       64

PRECIPITATION (IN)
  TODAY            0.04          0.28 1935   0.01   0.03     0.00
  MONTH TO DATE    0.04                      0.03   0.01     0.00
  SINCE SEP 1      5.48                      4.29   1.19     4.99
  SINCE JAN 1      2.63                      1.81   0.82     1.18

DEGREE DAYS
 HEATING
  TODAY            2                         6     -4        1
  MONTH TO DATE    2                        18    -16       21
  SINCE JUL 1   3676                      4397   -721     4189

 COOLING
  TODAY            0                         1     -1        0
  MONTH TO DATE    3                         3      0        0
  SINCE JAN 1      3                         7     -4        1
..................................................................


WIND (MPH)
  HIGHEST WIND SPEED    40   HIGHEST WIND DIRECTION     S (160)
  HIGHEST GUST SPEED    52   HIGHEST GUST DIRECTION     S (160)
  AVERAGE WIND SPEED     7.5


SKY COVER
  POSSIBLE SUNSHINE  MM
  AVERAGE SKY COVER 0.4


WEATHER CONDITIONS
 THE FOLLOWING WEATHER WAS RECORDED TODAY.
  THUNDERSTORM
  LIGHT RAIN


RELATIVE HUMIDITY (PERCENT)
 HIGHEST    54           600 AM
 LOWEST     21          1000 AM
 AVERAGE    38

..........................................................


THE WINSLOW AZ AIRPORT CLIMATE NORMALS FOR TOMORROW
                         NORMAL    RECORD    YEAR
 MAXIMUM TEMPERATURE (F)   78        92      1947
 MINIMUM TEMPERATURE (F)   42        30      2001


SUNRISE AND SUNSET
MAY  3 2015...........SUNRISE   530 AM MST   SUNSET   710 PM MST
MAY  4 2015...........SUNRISE   529 AM MST   SUNSET   711 PM MST


-  INDICATES NEGATIVE NUMBERS.
R  INDICATES RECORD WAS SET OR TIED.
MM INDICATES DATA IS MISSING.
T  INDICATES TRACE AMOUNT.




$$
