000
CDUS41 KCTP 190630
CLIIPT


CLIMATE REPORT
NATIONAL WEATHER SERVICE STATE COLLEGE PA
230 AM EDT SUN APR 19 2015


...................................

...THE WILLIAMSPORT PA CLIMATE SUMMARY FOR APRIL 18 2015...

CLIMATE NORMAL PERIOD 1981 TO 2010
CLIMATE RECORD PERIOD 1895 TO 2015


WEATHER ITEM   OBSERVED TIME   RECORD YEAR NORMAL DEPARTURE LAST
                VALUE   (LST)  VALUE       VALUE  FROM      YEAR
                                                  NORMAL
..................................................................
TEMPERATURE (F)
 YESTERDAY
  MAXIMUM         83    332 PM  92    1976  62     21       54
  MINIMUM         42    543 AM  24    1948  40      2       34
  AVERAGE         63                        51     12       44

PRECIPITATION (IN)
  YESTERDAY        0.00          0.87 1910   0.10  -0.10     0.00
  MONTH TO DATE    2.17                      1.98   0.19     1.92
  SINCE MAR 1      4.54                      4.95  -0.41     4.81
  SINCE JAN 1      7.33                      9.99  -2.66     8.61

SNOWFALL (IN)
  YESTERDAY        0.0           0.5  1953   0.1   -0.1      0.0
  MONTH TO DATE    0.0                       1.0   -1.0       T
  SINCE MAR 1     11.4                       7.9    3.5      0.1
  SINCE JUL 1     44.4                      35.9    8.5     45.9
  SNOW DEPTH       0

DEGREE DAYS
 HEATING
  YESTERDAY        2                        14    -12       21
  MONTH TO DATE  265                       312    -47      309
  SINCE MAR 1   1254                      1141    113     1309
  SINCE JUL 1   5891                      5608    283     6141

 COOLING
  YESTERDAY        0                         0      0        0
  MONTH TO DATE    0                         0      0        9
  SINCE MAR 1      0                         0      0        9
  SINCE JAN 1      0                         0      0        9
..................................................................


WIND (MPH)
  HIGHEST WIND SPEED    20   HIGHEST WIND DIRECTION     W (270)
  HIGHEST GUST SPEED    27   HIGHEST GUST DIRECTION     W (260)
  AVERAGE WIND SPEED     6.6


SKY COVER
  POSSIBLE SUNSHINE  MM
  AVERAGE SKY COVER 0.1


WEATHER CONDITIONS
 THE FOLLOWING WEATHER WAS RECORDED YESTERDAY.
  NO SIGNIFICANT WEATHER WAS OBSERVED.


RELATIVE HUMIDITY (PERCENT)
 HIGHEST    96           600 AM
 LOWEST     18           400 PM
 AVERAGE    57

..........................................................


THE WILLIAMSPORT PA CLIMATE NORMALS FOR TODAY
                         NORMAL    RECORD    YEAR
 MAXIMUM TEMPERATURE (F)   63        91      1976
 MINIMUM TEMPERATURE (F)   40        23      1926


SUNRISE AND SUNSET
APRIL 19 2015.........SUNRISE   623 AM EDT   SUNSET   752 PM EDT
APRIL 20 2015.........SUNRISE   621 AM EDT   SUNSET   753 PM EDT


-  INDICATES NEGATIVE NUMBERS.
R  INDICATES RECORD WAS SET OR TIED.
MM INDICATES DATA IS MISSING.
T  INDICATES TRACE AMOUNT.




$$
