000
CDUS43 KEAX 032126
CLIIRK


CLIMATE REPORT
NATIONAL WEATHER SERVICE KANSAS CITY/PLEASANT HILL MO
425 PM CDT SUN MAY 3 2015


...................................

...THE KIRKSVILLE MO CLIMATE SUMMARY FOR MAY 3 2015...
VALID AS OF 0400 PM LOCAL TIME.

CLIMATE NORMAL PERIOD 1981 TO 2010
CLIMATE RECORD PERIOD 9999 TO 9999


WEATHER ITEM   OBSERVED TIME   NORMAL DEPARTURE LAST
                VALUE   (LST)  VALUE  FROM      YEAR
                                      NORMAL
......................................................
TEMPERATURE (F)
 TODAY
  MAXIMUM         81    259 PM  68     13       75
  MINIMUM         53    119 AM  47      6       49
  AVERAGE         67            58      9       62

PRECIPITATION (IN)
  TODAY            0.00          0.19  -0.19      T
  MONTH TO DATE    0.18          0.57  -0.39     0.01
  SINCE MAR 1      4.71          6.96  -2.25     4.06
  SINCE JAN 1      6.76          9.76  -3.00     7.61

DEGREE DAYS
 HEATING
  TODAY            0             8     -8        3
  MONTH TO DATE   14            25    -11       30
  SINCE MAR 1    982          1182   -200     1333
  SINCE JUL 1   5661          5715    -54     6303

 COOLING
  TODAY            2             1      1        0
  MONTH TO DATE    2             2      0        0
  SINCE MAR 1      5             9     -4        5
  SINCE JAN 1      5             9     -4        5
......................................................


WIND (MPH)
  HIGHEST WIND SPEED    23   HIGHEST WIND DIRECTION     S (200)
  HIGHEST GUST SPEED    31   HIGHEST GUST DIRECTION    SW (220)
  AVERAGE WIND SPEED    11.9


SKY COVER
  AVERAGE SKY COVER 0.1


WEATHER CONDITIONS
 THE FOLLOWING WEATHER WAS RECORDED TODAY.
  NO SIGNIFICANT WEATHER WAS OBSERVED.


RELATIVE HUMIDITY (PERCENT)
 HIGHEST    93          1200 AM
 LOWEST     48          1200 PM
 AVERAGE    71

..........................................................


THE KIRKSVILLE MO CLIMATE NORMALS FOR TOMORROW
                         NORMAL
 MAXIMUM TEMPERATURE (F)   68
 MINIMUM TEMPERATURE (F)   47


SUNRISE AND SUNSET
MAY  3 2015...........SUNRISE   608 AM CDT   SUNSET   807 PM CDT
MAY  4 2015...........SUNRISE   607 AM CDT   SUNSET   808 PM CDT


-  INDICATES NEGATIVE NUMBERS.
R  INDICATES RECORD WAS SET OR TIED.
MM INDICATES DATA IS MISSING.
T  INDICATES TRACE AMOUNT.




$$
