000
CDUS45 KGGW 261233
CLIJDN


CLIMATE REPORT
NATIONAL WEATHER SERVICE GLASGOW MT
633 AM MDT SUN APR 26 2015


...................................

...THE JORDAN  ASOS MT CLIMATE SUMMARY FOR APRIL 26 2015...
VALID AS OF 0600 AM LOCAL TIME.

CLIMATE NORMAL PERIOD 1981 TO 2010
CLIMATE RECORD PERIOD 9999 TO 9999


WEATHER ITEM   OBSERVED TIME   RECORD YEAR NORMAL DEPARTURE LAST
                VALUE   (LST)  VALUE       VALUE  FROM      YEAR
                                                  NORMAL
..................................................................
TEMPERATURE (F)
 TODAY
  MAXIMUM         40    300 AM  MM      MM  62    -22       67
  MINIMUM         31    200 AM  MM      MM  32     -1       45
  AVERAGE         36                        47    -11       56

PRECIPITATION (IN)
  TODAY            0.00         MM      MM   0.05  -0.05     0.12
  MONTH TO DATE    0.37                      0.86  -0.49     0.20
  SINCE OCT 1      3.29                      3.40  -0.11     3.88
  SINCE JAN 1      2.10                      1.86   0.24     1.47

SNOWFALL (IN)
  TODAY            0.0          MM      MM  MM     MM       MM
  MONTH TO DATE    0.0                      MM     MM        0.0
  SINCE MAR 1      0.0                      MM     MM        0.0
  SINCE JUL 1      0.0                      MM     MM        0.0
  SNOW DEPTH      MM

DEGREE DAYS
 HEATING
  TODAY           29                        18     11        9
  MONTH TO DATE  537                       561    -24      562
  SINCE MAR 1   1274                      1545   -271     1662
  SINCE JUL 1   7067                      7663   -596     7975

 COOLING
  TODAY            0                         0      0        0
  MONTH TO DATE    0                         0      0        0
  SINCE MAR 1      0                         0      0        0
  SINCE JAN 1      0                         0      0        0
..................................................................


WIND (MPH)
  HIGHEST WIND SPEED    17   HIGHEST WIND DIRECTION     N (350)
  HIGHEST GUST SPEED    MM   HIGHEST GUST DIRECTION    MM
  AVERAGE WIND SPEED     7.5


SKY COVER
  POSSIBLE SUNSHINE  MM
  AVERAGE SKY COVER 0.0


WEATHER CONDITIONS
 THE FOLLOWING WEATHER WAS RECORDED TODAY.
  NO SIGNIFICANT WEATHER WAS OBSERVED.


RELATIVE HUMIDITY (PERCENT)
 HIGHEST   100           100 AM
 LOWEST     85           400 AM
 AVERAGE    93

..........................................................


THE JORDAN  ASOS MT CLIMATE NORMALS FOR TOMORROW
                         NORMAL    RECORD    YEAR
 MAXIMUM TEMPERATURE (F)   62        MM        MM
 MINIMUM TEMPERATURE (F)   33        MM        MM


SUNRISE AND SUNSET
APRIL 26 2015.........SUNRISE   600 AM MDT   SUNSET   812 PM MDT
APRIL 27 2015.........SUNRISE   558 AM MDT   SUNSET   813 PM MDT


-  INDICATES NEGATIVE NUMBERS.
R  INDICATES RECORD WAS SET OR TIED.
MM INDICATES DATA IS MISSING.
T  INDICATES TRACE AMOUNT.




$$
