000
CDUS45 KBOI 180931
CLIJER


CLIMATE REPORT
NATIONAL WEATHER SERVICE BOISE ID
330 AM MDT SAT APR 18 2015


...................................

...THE JEROME ID CLIMATE SUMMARY FOR APRIL 17 2015...

CLIMATE NORMAL PERIOD 1981 TO 2010
CLIMATE RECORD PERIOD 1919 TO 2015


WEATHER ITEM   OBSERVED TIME   RECORD YEAR NORMAL DEPARTURE LAST
                VALUE   (LST)  VALUE       VALUE  FROM      YEAR
                                                  NORMAL
..................................................................
TEMPERATURE (F)
 YESTERDAY
  MAXIMUM         67    444 PM  84    1994  59      8       73
  MINIMUM         34    506 AM  18    1964  35     -1       32
  AVERAGE         51                        47      4       53

PRECIPITATION (IN)
  YESTERDAY        0.00          0.65 2006   0.05  -0.05      T
  MONTH TO DATE    0.14                      0.74  -0.60     0.12
  SINCE OCT 1      4.88                      7.28  -2.40     4.37
  SINCE JAN 1      1.98                      3.76  -1.78     3.77

DEGREE DAYS
 HEATING
  YESTERDAY       14                        18     -4       12
  MONTH TO DATE  341                       333      8      293
  SINCE MAR 1    896                      1102   -206      993
  SINCE JUL 1   4938                      5989  -1051     5661

 COOLING
  YESTERDAY        0                         0      0        0
  MONTH TO DATE    0                         0      0        0
  SINCE MAR 1      0                         0      0        0
  SINCE JAN 1      0                         0      0        0
..................................................................


WIND (MPH)
  HIGHEST WIND SPEED    20   HIGHEST WIND DIRECTION     W (250)
  HIGHEST GUST SPEED    24   HIGHEST GUST DIRECTION     W (260)
  AVERAGE WIND SPEED     8.0


SKY COVER
  AVERAGE SKY COVER 0.0


WEATHER CONDITIONS
 THE FOLLOWING WEATHER WAS RECORDED YESTERDAY.
  NO SIGNIFICANT WEATHER WAS OBSERVED.


RELATIVE HUMIDITY (PERCENT)
 HIGHEST    59           300 AM
 LOWEST     14           300 PM
 AVERAGE    37

..........................................................


THE JEROME ID CLIMATE NORMALS FOR TODAY
                         NORMAL    RECORD    YEAR
 MAXIMUM TEMPERATURE (F)   59        85      1994
 MINIMUM TEMPERATURE (F)   35        20      1968


SUNRISE AND SUNSET
APRIL 18 2015.........SUNRISE   652 AM MDT   SUNSET   823 PM MDT
APRIL 19 2015.........SUNRISE   650 AM MDT   SUNSET   824 PM MDT


-  INDICATES NEGATIVE NUMBERS.
R  INDICATES RECORD WAS SET OR TIED.
MM INDICATES DATA IS MISSING.
T  INDICATES TRACE AMOUNT.




$$
