000
CDUS43 KGRR 062238
CLIJXN


CLIMATE REPORT
NATIONAL WEATHER SERVICE GRAND RAPIDS, MI
634 PM EDT WED MAY 6 2015


...................................

...THE JACKSON MI CLIMATE SUMMARY FOR MAY 6 2015...
VALID TODAY AS OF 0500 PM LOCAL TIME.

CLIMATE NORMAL PERIOD 1981 TO 2010
CLIMATE RECORD PERIOD 1944 TO 9999


WEATHER ITEM   OBSERVED TIME   NORMAL DEPARTURE LAST
                VALUE   (LST)  VALUE  FROM      YEAR
                                      NORMAL
......................................................
TEMPERATURE (F)
 TODAY
  MAXIMUM         71    359 PM  66      5       64
  MINIMUM         51    608 AM  43      8       32
  AVERAGE         61            55      6       48

PRECIPITATION (IN)
  TODAY            0.08          0.09  -0.01     0.00
  MONTH TO DATE    2.02          0.60   1.42     0.42
  SINCE MAR 1      5.09          5.11  -0.02     4.35
  SINCE JAN 1      7.17          7.89  -0.72     8.63

DEGREE DAYS
 HEATING
  TODAY            4            11     -7       17
  MONTH TO DATE   29            69    -40      104
  SINCE MAR 1   1533          1501     32     1805
  SINCE JUL 1   7037          6415    622     7369

 COOLING
  TODAY            0             0      0        0
  MONTH TO DATE    1             0      1        0
  SINCE MAR 1      1             6     -5        0
  SINCE JAN 1      1             6     -5        0
......................................................


WIND (MPH)
  RESULTANT WIND SPEED   5   RESULTANT WIND DIRECTION  SE (120)
  HIGHEST WIND SPEED    10   HIGHEST WIND DIRECTION     E (100)
  HIGHEST GUST SPEED    14   HIGHEST GUST DIRECTION     E (110)
  AVERAGE WIND SPEED     5.8


SKY COVER
  AVERAGE SKY COVER 0.7


WEATHER CONDITIONS
 THE FOLLOWING WEATHER WAS RECORDED TODAY.
  RAIN
  LIGHT RAIN
  FOG
  HAZE


RELATIVE HUMIDITY (PERCENT)
 HIGHEST   100           400 AM
 LOWEST     68           400 PM
 AVERAGE    84

..........................................................


THE JACKSON MI CLIMATE NORMALS FOR TOMORROW
                         NORMAL
 MAXIMUM TEMPERATURE (F)   66
 MINIMUM TEMPERATURE (F)   44


SUNRISE AND SUNSET
MAY  6 2015...........SUNRISE   627 AM EDT   SUNSET   842 PM EDT
MAY  7 2015...........SUNRISE   626 AM EDT   SUNSET   844 PM EDT


-  INDICATES NEGATIVE NUMBERS.
R  INDICATES RECORD WAS SET OR TIED.
MM INDICATES DATA IS MISSING.
T  INDICATES TRACE AMOUNT.




$$
