000
CDUS42 KILM 190843
CLILBT


CLIMATE REPORT
NATIONAL WEATHER SERVICE WILMINGTON NC
440 AM EDT SUN APR 19 2015


...................................

...THE LUMBERTON NC CLIMATE SUMMARY FOR APRIL 18 2015...

CLIMATE NORMAL PERIOD 1981 TO 2010
CLIMATE RECORD PERIOD 9999 TO 9999


WEATHER ITEM   OBSERVED TIME   NORMAL DEPARTURE LAST
                VALUE   (LST)  VALUE  FROM      YEAR
                                      NORMAL
......................................................
TEMPERATURE (F)
 YESTERDAY
  MAXIMUM         79    249 PM  75      4       64
  MINIMUM         65    454 AM  50     15       43
  AVERAGE         72            62     10       54

PRECIPITATION (IN)
  YESTERDAY        0.19          0.08   0.11     0.75
  MONTH TO DATE    1.27          1.75  -0.48     2.14
  SINCE MAR 1      4.75          5.08  -0.33     5.56
  SINCE JAN 1     14.21         10.95   3.26    11.63

SNOWFALL (IN)
  YESTERDAY       MM
  MONTH TO DATE   MM
  SINCE MAR 1     MM
  SINCE JUL 1     MM
  SNOW DEPTH      MM

DEGREE DAYS
 HEATING
  YESTERDAY        0             5     -5       11
  MONTH TO DATE   46           111    -65       84
  SINCE MAR 1    350           457   -107      596
  SINCE JUL 1   2714          2687     27     2892

 COOLING
  YESTERDAY        7             2      5        0
  MONTH TO DATE   66            28     38       20
  SINCE MAR 1     81            38     43       21
  SINCE JAN 1     81            41     40       22
......................................................


WIND (MPH)
  HIGHEST WIND SPEED    13   HIGHEST WIND DIRECTION    NE (50)
  HIGHEST GUST SPEED    16   HIGHEST GUST DIRECTION    NE (50)
  AVERAGE WIND SPEED     1.9


SKY COVER
  POSSIBLE SUNSHINE  MM
  AVERAGE SKY COVER 0.9


WEATHER CONDITIONS
 THE FOLLOWING WEATHER WAS RECORDED YESTERDAY.
  RAIN
  LIGHT RAIN
  FOG
  HAZE


RELATIVE HUMIDITY (PERCENT)
 HIGHEST   100          1200 AM
 LOWEST     74           100 PM
 AVERAGE    87

..........................................................


THE LUMBERTON NC CLIMATE NORMALS FOR TODAY
                         NORMAL
 MAXIMUM TEMPERATURE (F)   75
 MINIMUM TEMPERATURE (F)   50


SUNRISE AND SUNSET
APRIL 19 2015.........SUNRISE   640 AM EDT   SUNSET   751 PM EDT
APRIL 20 2015.........SUNRISE   639 AM EDT   SUNSET   752 PM EDT


-  INDICATES NEGATIVE NUMBERS.
R  INDICATES RECORD WAS SET OR TIED.
MM INDICATES DATA IS MISSING.
T  INDICATES TRACE AMOUNT.




$$
