000
CDUS46 KMFR 180843
CLILMT


CLIMATE REPORT
NATIONAL WEATHER SERVICE MEDFORD, OR
143 AM PDT SAT APR 18 2015


...................................

...THE KLAMATH FALLS OR CLIMATE SUMMARY FOR APRIL 17 2015...

CLIMATE NORMAL PERIOD 1981 TO 2010
CLIMATE RECORD PERIOD 1928 TO 2015


WEATHER ITEM   OBSERVED TIME   RECORD YEAR NORMAL DEPARTURE LAST
                VALUE   (LST)  VALUE       VALUE  FROM      YEAR
                                                  NORMAL
..................................................................
TEMPERATURE (F)
 YESTERDAY
  MAXIMUM         73    356 PM  75    1962  57     16       64
  MINIMUM         28    439 AM  19    1972  30     -2       31
  AVERAGE         51                        43      8       48

PRECIPITATION (IN)
  YESTERDAY        0.00          0.85 1933   0.05  -0.05      T
  MONTH TO DATE    0.08                      0.65  -0.57     0.08
  SINCE OCT 1     10.06                     10.38  -0.32     5.30
  SINCE JAN 1      3.60                      5.69  -2.09     4.67

SNOWFALL (IN)
  YESTERDAY       MM                        MM     MM       MM
  MONTH TO DATE   MM                        MM     MM       MM
  SINCE JUL 1     MM                        MM     MM        0.0
  SNOW DEPTH      MM

DEGREE DAYS
 HEATING
  YESTERDAY       14                        22     -8       17
  MONTH TO DATE  441                       401     40      319
  SINCE MAR 1   1087                      1222   -135     1033
  SINCE JUL 1   4661                      6063  -1402     5816

 COOLING
  YESTERDAY        0                         0      0        0
  MONTH TO DATE    0                         0      0        0
  SINCE MAR 1      0                         0      0        0
  SINCE JAN 1      0                         0      0        0
..................................................................


WIND (MPH)
  HIGHEST WIND SPEED    20   HIGHEST WIND DIRECTION    NW (330)
  HIGHEST GUST SPEED    23   HIGHEST GUST DIRECTION    NW (320)
  AVERAGE WIND SPEED     5.1


SKY COVER
  POSSIBLE SUNSHINE  MM
  AVERAGE SKY COVER 0.0


WEATHER CONDITIONS
 THE FOLLOWING WEATHER WAS RECORDED YESTERDAY.
  NO SIGNIFICANT WEATHER WAS OBSERVED.


RELATIVE HUMIDITY (PERCENT)
 HIGHEST    78           200 AM
 LOWEST     16          1200 PM

..........................................................


THE KLAMATH FALLS OR CLIMATE NORMALS FOR TODAY
                         NORMAL    RECORD    YEAR
 MAXIMUM TEMPERATURE (F)   57        76      1994
 MINIMUM TEMPERATURE (F)   30        17      1967


SUNRISE AND SUNSET
APRIL 18 2015.........SUNRISE   622 AM PDT   SUNSET   751 PM PDT
APRIL 19 2015.........SUNRISE   620 AM PDT   SUNSET   753 PM PDT


-  INDICATES NEGATIVE NUMBERS.
R  INDICATES RECORD WAS SET OR TIED.
MM INDICATES DATA IS MISSING.
T  INDICATES TRACE AMOUNT.




$$
