000
CDUS45 KTFX 050845
CLILWT


CLIMATE REPORT
NATIONAL WEATHER SERVICE GREAT FALLS MT
244 AM MDT TUE MAY 5 2015


...................................

...THE LEWISTOWN MT CLIMATE SUMMARY FOR MAY 4 2015...

CLIMATE NORMAL PERIOD 1981 TO 2010
CLIMATE RECORD PERIOD 1896 TO 2015


WEATHER ITEM   OBSERVED TIME   RECORD YEAR NORMAL DEPARTURE LAST
                VALUE   (LST)  VALUE       VALUE  FROM      YEAR
                                                  NORMAL
..................................................................
TEMPERATURE (F)
 YESTERDAY
  MAXIMUM         74    144 PM  84    1936  59     15       56
  MINIMUM         36    510 AM  16    1967  34      2       37
  AVERAGE         55                        46      9       47

PRECIPITATION (IN)
  YESTERDAY        T             1.33 1986   0.07  -0.07     0.09
  MONTH TO DATE    T                         0.27  -0.27     0.11
  SINCE OCT 1      6.36                      6.18   0.18     5.95
  SINCE JAN 1      4.05                      3.68   0.37     3.87

SNOWFALL (IN)
  YESTERDAY       MM
  SNOW DEPTH       0

DEGREE DAYS
 HEATING
  YESTERDAY       10                        19     -9       18
  MONTH TO DATE   42                        76    -34       74
  SINCE MAR 1   1369                      1779   -410     1908
  SINCE JUL 1   6567                      7583  -1016     7964

 COOLING
  YESTERDAY        0                         0      0        0
  MONTH TO DATE    0                         0      0        0
  SINCE MAR 1      0                         0      0        0
  SINCE JAN 1      0                         0      0        0
..................................................................


WIND (MPH)
  HIGHEST WIND SPEED    23   HIGHEST WIND DIRECTION     W (260)
  HIGHEST GUST SPEED    30   HIGHEST GUST DIRECTION     N (340)
  AVERAGE WIND SPEED     7.0


SKY COVER
  AVERAGE SKY COVER 0.1


WEATHER CONDITIONS
 THE FOLLOWING WEATHER WAS RECORDED YESTERDAY.
  THUNDERSTORM
  LIGHT RAIN


RELATIVE HUMIDITY (PERCENT)
 HIGHEST    70           400 AM
 LOWEST     25           200 PM
 AVERAGE    48

..........................................................


THE LEWISTOWN MT CLIMATE NORMALS FOR TODAY
                         NORMAL    RECORD    YEAR
 MAXIMUM TEMPERATURE (F)   60        85      1934
 MINIMUM TEMPERATURE (F)   34        21      1942


SUNRISE AND SUNSET
MAY  5 2015...........SUNRISE   556 AM MDT   SUNSET   834 PM MDT
MAY  6 2015...........SUNRISE   555 AM MDT   SUNSET   835 PM MDT


-  INDICATES NEGATIVE NUMBERS.
R  INDICATES RECORD WAS SET OR TIED.
MM INDICATES DATA IS MISSING.
T  INDICATES TRACE AMOUNT.




$$
