000
CDUS43 KILX 210632
CLILWV


CLIMATE REPORT
NATIONAL WEATHER SERVICE LINCOLN IL
132 AM CDT TUE APR 21 2015


...................................

...THE LAWRENCEVILLE IL AIRPORT CLIMATE SUMMARY FOR APRIL 20 2015...

CLIMATE NORMAL PERIOD 1981 TO 2010
CLIMATE RECORD PERIOD 9999 TO 9999


WEATHER ITEM   OBSERVED TIME   RECORD YEAR NORMAL DEPARTURE LAST
                VALUE   (LST)  VALUE       VALUE  FROM      YEAR
                                                  NORMAL
..................................................................
TEMPERATURE (F)
 YESTERDAY
  MAXIMUM         59    210 PM  MM      MM  68     -9       76
  MINIMUM         42   1103 PM  MM      MM  47     -5       48
  AVERAGE         51                        58     -7       62

PRECIPITATION (IN)
  YESTERDAY        0.12         MM      MM   0.13  -0.01     0.00
  MONTH TO DATE    5.77                      2.35   3.42     5.83
  SINCE MAR 1     10.64                      5.78   4.86     6.87
  SINCE JAN 1     13.14                     10.17   2.97     9.63

DEGREE DAYS
 HEATING
  YESTERDAY       14                         8      6        3
  MONTH TO DATE  130                       230   -100      217
  SINCE MAR 1    855                       852      3     1000
  SINCE JUL 1   5129                      4527    602     5402

 COOLING
  YESTERDAY        0                         1     -1        0
  MONTH TO DATE    7                        14     -7        4
  SINCE MAR 1      7                        16     -9        4
  SINCE JAN 1      7                        16     -9        4
..................................................................


WIND (MPH)
  HIGHEST WIND SPEED    26   HIGHEST WIND DIRECTION     W (280)
  HIGHEST GUST SPEED    36   HIGHEST GUST DIRECTION     W (290)
  AVERAGE WIND SPEED    13.6


SKY COVER
  POSSIBLE SUNSHINE  MM
  AVERAGE SKY COVER 0.8


WEATHER CONDITIONS
 THE FOLLOWING WEATHER WAS RECORDED YESTERDAY.
  THUNDERSTORM
  RAIN
  LIGHT RAIN
  FOG


RELATIVE HUMIDITY (PERCENT)
 HIGHEST    93          1200 AM
 LOWEST     47           200 PM
 AVERAGE    70

..........................................................


THE LAWRENCEVILLE IL AIRPORT CLIMATE NORMALS FOR TODAY
                         NORMAL    RECORD    YEAR
 MAXIMUM TEMPERATURE (F)   69        MM        MM
 MINIMUM TEMPERATURE (F)   48        MM        MM


SUNRISE AND SUNSET
APRIL 21 2015.........SUNRISE   606 AM CDT   SUNSET   733 PM CDT
APRIL 22 2015.........SUNRISE   605 AM CDT   SUNSET   734 PM CDT


-  INDICATES NEGATIVE NUMBERS.
R  INDICATES RECORD WAS SET OR TIED.
MM INDICATES DATA IS MISSING.
T  INDICATES TRACE AMOUNT.




$$
