000
CDUS46 KHNX 280021
CLIMAE


CLIMATE REPORT
NATIONAL WEATHER SERVICE SAN JOAQUIN VALLEY, CA
520 PM PDT MON APR 27 2015


...................................

...THE MADERA CA CLIMATE SUMMARY FOR APRIL 27 2015...
VALID AS OF 0500 PM LOCAL TIME.

CLIMATE NORMAL PERIOD 1981 TO 2010
CLIMATE RECORD PERIOD 1998 TO 2015


WEATHER ITEM   OBSERVED TIME   RECORD YEAR NORMAL DEPARTURE LAST
                VALUE   (LST)  VALUE       VALUE  FROM      YEAR
                                                  NORMAL
..................................................................
TEMPERATURE (F)
 TODAY
  MAXIMUM         82    358 PM  98    2004  78      4       73
  MINIMUM         53    530 AM  41    2012  47      6       42
                                      2011
  AVERAGE         68                        63      5       58

PRECIPITATION (IN)
  TODAY            0.00          T    2005   0.03  -0.03     0.00
                                      2005
                                      2010
  MONTH TO DATE    1.00                      0.88   0.12     0.56
  SINCE OCT 1      5.26                     10.99  -5.73     4.30
  SINCE JAN 1      1.58                      7.26  -5.68     3.61

SNOWFALL (IN)
  TODAY            0.0
  MONTH TO DATE    0.0
  SINCE MAR 1      0.0
  SINCE JUL 1      0.0
  SNOW DEPTH       0

DEGREE DAYS
 HEATING
  TODAY            0                                         7
  MONTH TO DATE  119                                       101
  SINCE MAR 1    249                                       291
  SINCE JUL 1   1699                                      2118

 COOLING
  TODAY            3                                         0
  MONTH TO DATE   23                                        47
  SINCE MAR 1     53                                        47
  SINCE JAN 1     55                                        47
..................................................................


WIND (MPH)
  HIGHEST WIND SPEED    12   HIGHEST WIND DIRECTION    SE (150)
  HIGHEST GUST SPEED    17   HIGHEST GUST DIRECTION     S (170)
  AVERAGE WIND SPEED     4.7




RELATIVE HUMIDITY (PERCENT)
 HIGHEST    83
 LOWEST     28
 AVERAGE    56

..........................................................


THE MADERA CA CLIMATE NORMALS FOR TOMORROW
                         NORMAL    RECORD    YEAR
 MAXIMUM TEMPERATURE (F)   79        97      2007
 MINIMUM TEMPERATURE (F)   47        38      1999


SUNRISE AND SUNSET
APRIL 27 2015.........SUNRISE   611 AM PDT   SUNSET   746 PM PDT
APRIL 28 2015.........SUNRISE   610 AM PDT   SUNSET   747 PM PDT


-  INDICATES NEGATIVE NUMBERS.
R  INDICATES RECORD WAS SET OR TIED.
MM INDICATES DATA IS MISSING.
T  INDICATES TRACE AMOUNT.




$$
