000
CDUS44 KMAF 052148
CLIMAF


CLIMATE REPORT
NATIONAL WEATHER SERVICE MIDLAND/ODESSA TX
447 PM CDT TUE MAY 5 2015


...................................

...THE MIDLAND CLIMATE SUMMARY FOR MAY 5 2015...
VALID TODAY AS OF 0400 PM LOCAL TIME.

CLIMATE NORMAL PERIOD 1981 TO 2010
CLIMATE RECORD PERIOD 1930 TO 2015


WEATHER ITEM   OBSERVED TIME   RECORD YEAR NORMAL DEPARTURE LAST
                VALUE   (LST)  VALUE       VALUE  FROM      YEAR
                                                  NORMAL
..................................................................
TEMPERATURE (F)
 TODAY
  MAXIMUM         83    328 PM 101    2000  85     -2       99
                                      1964
                                      1947
  MINIMUM         64    557 AM  39    1933  56      8       63
  AVERAGE         74                        70      4       81

PRECIPITATION (IN)
  TODAY            0.13          1.00 1982   0.03   0.10     0.00
  MONTH TO DATE    0.27                      0.16   0.11     0.00
  SINCE MAR 1      3.22                      1.41   1.81     0.64
  SINCE JAN 1      5.91                      2.68   3.23     0.90

DEGREE DAYS
 COOLING
  TODAY            9                         6      3       16
  MONTH TO DATE   40                        29     11       37
  SINCE MAR 1    170                       135     35      204
  SINCE JAN 1    171                       137     34      206
..................................................................


WIND (MPH)
  HIGHEST WIND SPEED    31   HIGHEST WIND DIRECTION    SE (130)
  HIGHEST GUST SPEED    36   HIGHEST GUST DIRECTION    SE (130)
  AVERAGE WIND SPEED    16.5


SKY COVER
  POSSIBLE SUNSHINE  MM
  AVERAGE SKY COVER 0.6


WEATHER CONDITIONS
 THE FOLLOWING WEATHER WAS RECORDED TODAY.
  THUNDERSTORM
  HEAVY RAIN
  RAIN
  LIGHT RAIN
  FOG
  HAZE


RELATIVE HUMIDITY (PERCENT)
 HIGHEST    87           200 AM
 LOWEST     24           300 PM
 AVERAGE    56

..........................................................


THE MIDLAND CLIMATE NORMALS FOR TOMORROW
                         NORMAL    RECORD    YEAR
 MAXIMUM TEMPERATURE (F)   85       103      1947
 MINIMUM TEMPERATURE (F)   56        37      1935


SUNRISE AND SUNSET
MAY  5 2015...........SUNRISE   659 AM CDT   SUNSET   832 PM CDT
MAY  6 2015...........SUNRISE   659 AM CDT   SUNSET   833 PM CDT


-  INDICATES NEGATIVE NUMBERS.
R  INDICATES RECORD WAS SET OR TIED.
MM INDICATES DATA IS MISSING.
T  INDICATES TRACE AMOUNT.




$$
