000
CDUS43 KABR 192236
CLIMBG


CLIMATE REPORT
NATIONAL WEATHER SERVICE ABERDEEN SD
535 PM CDT SUN APR 19 2015


...................................

...THE MOBRIDGE SD CLIMATE SUMMARY FOR APRIL 19 2015...
VALID TODAY AS OF 0500 PM LOCAL TIME.

CLIMATE NORMAL PERIOD 1981 TO 2010
CLIMATE RECORD PERIOD 1911 TO 2015


WEATHER ITEM   OBSERVED TIME   RECORD YEAR NORMAL DEPARTURE LAST
                VALUE   (LST)  VALUE       VALUE  FROM      YEAR
                                                  NORMAL
..................................................................
TEMPERATURE (F)
 TODAY
  MAXIMUM         54    144 PM  89    1961  60     -6       70
  MINIMUM         41    709 AM  14    1928  34      7       39
  AVERAGE         48                        47      1       55

PRECIPITATION (IN)
  TODAY            0.06          0.97 2000   0.05   0.01     0.00
  MONTH TO DATE    0.47                      0.75  -0.28     0.31
  SINCE MAR 1      0.64                      1.65  -1.01     0.82
  SINCE JAN 1      1.44                      2.38  -0.94     1.43

SNOWFALL (IN)
  TODAY            0.0
  MONTH TO DATE    0.0
  SINCE OCT 1     18.7
  SINCE JUL 1     18.7
  SNOW DEPTH       0

DEGREE DAYS
 HEATING
  TODAY           17                        18     -1       10
  MONTH TO DATE  323                       419    -96      498
  SINCE MAR 1   1131                      1446   -315     1642
  SINCE JUL 1   6890                      7421   -531     8182

 COOLING
  TODAY            0                         0      0        0
  MONTH TO DATE    0                         0      0        0
  SINCE MAR 1      0                         0      0        0
  SINCE JAN 1      0                         0      0        0
..................................................................


WIND (MPH)
  HIGHEST WIND SPEED    33   HIGHEST WIND DIRECTION    NW (320)
  HIGHEST GUST SPEED    45   HIGHEST GUST DIRECTION    NW (320)
  AVERAGE WIND SPEED    21.3


SKY COVER
  POSSIBLE SUNSHINE  MM
  AVERAGE SKY COVER 0.6


WEATHER CONDITIONS
 THE FOLLOWING WEATHER WAS RECORDED TODAY.
  LIGHT RAIN
  FOG


RELATIVE HUMIDITY (PERCENT)
 HIGHEST    93          1200 AM
 LOWEST     45           200 PM
 AVERAGE    69

..........................................................


THE MOBRIDGE SD CLIMATE NORMALS FOR TOMORROW
                         NORMAL    RECORD    YEAR
 MAXIMUM TEMPERATURE (F)   60        93      1980
 MINIMUM TEMPERATURE (F)   34        10      1966


SUNRISE AND SUNSET
APRIL 19 2015.........SUNRISE   650 AM CDT   SUNSET   833 PM CDT
APRIL 20 2015.........SUNRISE   648 AM CDT   SUNSET   834 PM CDT


-  INDICATES NEGATIVE NUMBERS.
R  INDICATES RECORD WAS SET OR TIED.
MM INDICATES DATA IS MISSING.
T  INDICATES TRACE AMOUNT.




$$
