000
CDUS43 KDMX 240712
CLIMCW

CLIMATE REPORT
NATIONAL WEATHER SERVICE DES MOINES IA
210 AM CDT FRI APR 24 2015


...................................

...THE MASON CITY IA CLIMATE SUMMARY FOR APRIL 23 2015...

CLIMATE NORMAL PERIOD 1981 TO 2010
CLIMATE RECORD PERIOD 1893 TO 2015


WEATHER ITEM   OBSERVED TIME   RECORD YEAR NORMAL DEPARTURE LAST
                VALUE   (LST)  VALUE       VALUE  FROM      YEAR
                                                  NORMAL
..................................................................
TEMPERATURE (F)
 YESTERDAY
  MAXIMUM         57    342 PM  90    1924  62     -5       48
  MINIMUM         22R   414 AM  22    1967  38    -16       43
  AVERAGE         40                        50    -10       46

PRECIPITATION (IN)
  YESTERDAY        0.00          2.06 1968   0.14  -0.14     0.04
  MONTH TO DATE    4.07                      2.78   1.29     4.33
  SINCE MAR 1      5.14                      5.01   0.13     5.54
  SINCE JAN 1      7.21                      6.83   0.38     8.56

SNOWFALL (IN)
  YESTERDAY        0.0           1.0  1988   0.1   -0.1      0.0
  MONTH TO DATE    0.6                       2.5   -1.9      5.0
  SINCE MAR 1      4.2                       8.5   -4.3     11.9
  SINCE JUL 1     40.0                      41.0   -1.0     58.0
  SNOW DEPTH       0

DEGREE DAYS
 HEATING
  YESTERDAY       25                        15     10       19
  MONTH TO DATE  387                       460    -73      484
  SINCE MAR 1   1308                      1454   -146     1679
  SINCE JUL 1   7371                      7305     66     8225

 COOLING
  YESTERDAY        0                         0      0        0
  MONTH TO DATE    0                         0      0        0
  SINCE MAR 1      0                         0      0        0
  SINCE JAN 1      0                         0      0        0
..................................................................


WIND (MPH)
  HIGHEST WIND SPEED    14   HIGHEST WIND DIRECTION    NW (300)
  HIGHEST GUST SPEED    21   HIGHEST GUST DIRECTION    NW (330)
  AVERAGE WIND SPEED     7.5


SKY COVER
  POSSIBLE SUNSHINE  MM
  AVERAGE SKY COVER 0.0


WEATHER CONDITIONS
 THE FOLLOWING WEATHER WAS RECORDED YESTERDAY.
  HAZE


RELATIVE HUMIDITY (PERCENT)
 HIGHEST    68           500 AM
 LOWEST     15           400 PM
 AVERAGE    42

..........................................................


THE MASON CITY IA CLIMATE NORMALS FOR TODAY
                         NORMAL    RECORD    YEAR
 MAXIMUM TEMPERATURE (F)   63        90      2009
 MINIMUM TEMPERATURE (F)   38        22      1956


SUNRISE AND SUNSET
APRIL 24 2015.........SUNRISE   617 AM CDT   SUNSET   806 PM CDT
APRIL 25 2015.........SUNRISE   616 AM CDT   SUNSET   807 PM CDT


-  INDICATES NEGATIVE NUMBERS.
R  INDICATES RECORD WAS SET OR TIED.
MM INDICATES DATA IS MISSING.
T  INDICATES TRACE AMOUNT.




$$
