000
CDUS41 KCTP 060630
CLIMDT


CLIMATE REPORT
NATIONAL WEATHER SERVICE STATE COLLEGE PA
229 AM EDT WED MAY 6 2015


...................................

...THE HARRISBURG PA CLIMATE SUMMARY FOR MAY 5 2015...

CLIMATE NORMAL PERIOD 1981 TO 2010
CLIMATE RECORD PERIOD 1888 TO 2015


WEATHER ITEM   OBSERVED TIME   RECORD YEAR NORMAL DEPARTURE LAST
                VALUE   (LST)  VALUE       VALUE  FROM      YEAR
                                                  NORMAL
..................................................................
TEMPERATURE (F)
 YESTERDAY
  MAXIMUM         79    451 PM  93    1949  69     10       65
  MINIMUM         59    435 AM  34    1966  48     11       44
  AVERAGE         69                        59     10       55

PRECIPITATION (IN)
  YESTERDAY        0.02          2.23 1989   0.13  -0.11     0.00
  MONTH TO DATE    0.02                      0.63  -0.61     0.18
  SINCE MAR 1      5.65                      7.10  -1.45     9.97
  SINCE JAN 1      9.24                     12.37  -3.13    16.68

SNOWFALL (IN)
  YESTERDAY        0.0           0.0  2002   0.0    0.0      0.0
                                      2001
  MONTH TO DATE    0.0                       0.0    0.0      0.0
  SINCE MAR 1     11.8                       5.6    6.2      1.4
  SINCE JUL 1     39.2                      30.6    8.6     44.0
  SNOW DEPTH       0

DEGREE DAYS
 HEATING
  YESTERDAY        0                         7     -7       10
  MONTH TO DATE   11                        38    -27       41
  SINCE MAR 1   1250                      1153     97     1316
  SINCE JUL 1   5553                      5141    412     5660

 COOLING
  YESTERDAY        4                         1      3        0
  MONTH TO DATE    7                         5      2        0
  SINCE MAR 1      7                        12     -5        6
  SINCE JAN 1      7                        12     -5        6
..................................................................


WIND (MPH)
  HIGHEST WIND SPEED    14   HIGHEST WIND DIRECTION     W (280)
  HIGHEST GUST SPEED    17   HIGHEST GUST DIRECTION     W (280)
  AVERAGE WIND SPEED     3.3


SKY COVER
  POSSIBLE SUNSHINE  MM
  AVERAGE SKY COVER 0.8


WEATHER CONDITIONS
 THE FOLLOWING WEATHER WAS RECORDED YESTERDAY.
  LIGHT RAIN
  HAZE


RELATIVE HUMIDITY (PERCENT)
 HIGHEST    78           500 AM
 LOWEST     47           500 PM
 AVERAGE    63

..........................................................


THE HARRISBURG PA CLIMATE NORMALS FOR TODAY
                         NORMAL    RECORD    YEAR
 MAXIMUM TEMPERATURE (F)   70        91      1949
 MINIMUM TEMPERATURE (F)   49        36      1891


SUNRISE AND SUNSET
MAY  6 2015...........SUNRISE   601 AM EDT   SUNSET   807 PM EDT
MAY  7 2015...........SUNRISE   600 AM EDT   SUNSET   808 PM EDT


-  INDICATES NEGATIVE NUMBERS.
R  INDICATES RECORD WAS SET OR TIED.
MM INDICATES DATA IS MISSING.
T  INDICATES TRACE AMOUNT.




$$
