000
CDUS44 KBMX 070806
CLIMGM


CLIMATE REPORT
NATIONAL WEATHER SERVICE BIRMINGHAM, AL
305 AM CDT THU MAY 7 2015


...................................

...THE MONTGOMERY CLIMATE SUMMARY FOR MAY 6 2015...

CLIMATE NORMAL PERIOD 1981 TO 2010
CLIMATE RECORD PERIOD 1994 TO 2015


WEATHER ITEM   OBSERVED TIME   RECORD YEAR NORMAL DEPARTURE LAST
                VALUE   (LST)  VALUE       VALUE  FROM      YEAR
                                                  NORMAL
..................................................................
TEMPERATURE (F)
 YESTERDAY
  MAXIMUM         85    422 PM  94    1949  82      3       87
  MINIMUM         59    507 AM  44    1954  58      1       57
  AVERAGE         72                        70      2       72

PRECIPITATION (IN)
  YESTERDAY        0.00          2.04 1998   0.11  -0.11     0.00
  MONTH TO DATE    0.00                      0.68  -0.68     0.00
  SINCE MAR 1      8.50                     10.65  -2.15    15.67
  SINCE JAN 1     16.16                     20.58  -4.42    23.34

DEGREE DAYS
 COOLING
  YESTERDAY        7                         5      2        7
  MONTH TO DATE   23                        28     -5       20
  SINCE MAR 1    244                       123    121      112
  SINCE JAN 1    244                       129    115      119
..................................................................


WIND (MPH)
  HIGHEST WIND SPEED    13   HIGHEST WIND DIRECTION     E (80)
  HIGHEST GUST SPEED    17   HIGHEST GUST DIRECTION     E (80)
  AVERAGE WIND SPEED     3.2


SKY COVER
  AVERAGE SKY COVER 0.2


WEATHER CONDITIONS
 THE FOLLOWING WEATHER WAS RECORDED YESTERDAY.
  NO SIGNIFICANT WEATHER WAS OBSERVED.


RELATIVE HUMIDITY (PERCENT)
 HIGHEST    84           200 AM
 LOWEST     34           300 PM
 AVERAGE    59

..........................................................


THE MONTGOMERY CLIMATE NORMALS FOR TODAY
                         NORMAL    RECORD    YEAR
 MAXIMUM TEMPERATURE (F)   82        92      1993
                                             1952
 MINIMUM TEMPERATURE (F)   58        43      1944
                                             1898


SUNRISE AND SUNSET
MAY  7 2015...........SUNRISE   554 AM CDT   SUNSET   731 PM CDT
MAY  8 2015...........SUNRISE   553 AM CDT   SUNSET   731 PM CDT


-  INDICATES NEGATIVE NUMBERS.
R  INDICATES RECORD WAS SET OR TIED.
MM INDICATES DATA IS MISSING.
T  INDICATES TRACE AMOUNT.




$$
