000
CDUS41 KPBZ 061233
CLIMGW


CLIMATE REPORT
NATIONAL WEATHER SERVICE PITTSBURGH PA
833 AM EDT WED MAY 6 2015


...................................

...THE MORGANTOWN WV CLIMATE SUMMARY FOR MAY 6 2015...
VALID AS OF 0800 AM LOCAL TIME.

CLIMATE NORMAL PERIOD 1981 TO 2010
CLIMATE RECORD PERIOD 1948 TO 2015


WEATHER ITEM   OBSERVED TIME   RECORD YEAR NORMAL DEPARTURE LAST
                VALUE   (LST)  VALUE       VALUE  FROM      YEAR
                                                  NORMAL
..................................................................
TEMPERATURE (F)
 TODAY
  MINIMUM         56    540 AM  30    1968  47      9       42

PRECIPITATION (IN)
  TODAY            0.00         MM      MM   0.15  -0.15     0.00
  MONTH TO DATE    0.03                      0.82  -0.79     0.02
  SINCE JUN 1     42.29                     38.04   4.25    39.41
  SINCE JAN 1     16.06                     13.40   2.66    10.98

DEGREE DAYS
 HEATING
  TODAY            5

 COOLING
  TODAY            0
..................................................................





WEATHER CONDITIONS
 THE FOLLOWING WEATHER WAS RECORDED TODAY.
  FOG
  HAZE


RELATIVE HUMIDITY (PERCENT)
 HIGHEST    90           100 AM

..........................................................


THE MORGANTOWN WV CLIMATE NORMALS FOR TOMORROW
                         NORMAL    RECORD    YEAR
 MAXIMUM TEMPERATURE (F)   70        90      1983
 MINIMUM TEMPERATURE (F)   48        27      1974


SUNRISE AND SUNSET
MAY  6 2015...........SUNRISE   615 AM EDT   SUNSET   818 PM EDT
MAY  7 2015...........SUNRISE   614 AM EDT   SUNSET   819 PM EDT


-  INDICATES NEGATIVE NUMBERS.
R  INDICATES RECORD WAS SET OR TIED.
MM INDICATES DATA IS MISSING.
T  INDICATES TRACE AMOUNT.




$$
