000
CDUS43 KFSD 270626
CLIMHE


CLIMATE REPORT
NATIONAL WEATHER SERVICE SIOUX FALLS SD
123 AM CDT MON APR 27 2015


...................................

...THE MITCHELL SD CLIMATE SUMMARY FOR APRIL 26 2015...

CLIMATE NORMAL PERIOD 1981 TO 2010
CLIMATE RECORD PERIOD 1893 TO 2015


WEATHER ITEM   OBSERVED TIME   RECORD YEAR NORMAL DEPARTURE LAST
                VALUE   (LST)  VALUE       VALUE  FROM      YEAR
                                                  NORMAL
..................................................................
TEMPERATURE (F)
 YESTERDAY
  MAXIMUM         67    446 PM  93    1901  65      2       74
  MINIMUM         37    456 AM  23    1931  40     -3       49
  AVERAGE         52                        53     -1       62

PRECIPITATION (IN)
  YESTERDAY        0.00          1.29 1994   0.09  -0.09      T
  MONTH TO DATE    1.42                      1.78  -0.36     0.14
  SINCE MAR 1      1.55                      2.84  -1.29     1.18
  SINCE JAN 1      2.32                      3.40  -1.08     1.68

SNOWFALL (IN)
  YESTERDAY        0.0           2.0  1988  MM     MM        0.0
  MONTH TO DATE    0.0                      MM     MM         T
  SINCE MAR 1      0.7                      MM     MM        8.6
  SINCE JUL 1     22.6                      MM     MM       30.8
  SNOW DEPTH       0

DEGREE DAYS
 HEATING
  YESTERDAY       13                        13      0        3
  MONTH TO DATE  360                       472   -112      458
  SINCE MAR 1   1128                      1430   -302     1504
  SINCE JUL 1   6618                      6952   -334     7454

 COOLING
  YESTERDAY        0                         0      0        0
  MONTH TO DATE    2                         0      2        0
  SINCE MAR 1      6                         0      6        0
  SINCE JAN 1      6                         0      6        0
..................................................................


WIND (MPH)
  HIGHEST WIND SPEED    20   HIGHEST WIND DIRECTION    SE (130)
  HIGHEST GUST SPEED    24   HIGHEST GUST DIRECTION    SE (130)
  AVERAGE WIND SPEED     8.1


SKY COVER
  POSSIBLE SUNSHINE  MM
  AVERAGE SKY COVER 0.0


WEATHER CONDITIONS
 THE FOLLOWING WEATHER WAS RECORDED YESTERDAY.
  FOG


RELATIVE HUMIDITY (PERCENT)
 HIGHEST    93           400 AM
 LOWEST     31           200 PM
 AVERAGE    62

..........................................................


THE MITCHELL SD CLIMATE NORMALS FOR TODAY
                         NORMAL    RECORD    YEAR
 MAXIMUM TEMPERATURE (F)   66        89      1952
 MINIMUM TEMPERATURE (F)   40        19      1909


SUNRISE AND SUNSET
APRIL 27 2015.........SUNRISE   630 AM CDT   SUNSET   830 PM CDT
APRIL 28 2015.........SUNRISE   629 AM CDT   SUNSET   831 PM CDT


-  INDICATES NEGATIVE NUMBERS.
R  INDICATES RECORD WAS SET OR TIED.
MM INDICATES DATA IS MISSING.
T  INDICATES TRACE AMOUNT.




$$
