000
CDUS46 KMFR 060036
CLIMHS


CLIMATE REPORT
NATIONAL WEATHER SERVICE MEDFORD, OR
536 PM PDT TUE MAY 5 2015


...................................

...THE MT SHASTA CITY CA CLIMATE SUMMARY FOR MAY 5 2015...
VALID TODAY AS OF 0500 PM LOCAL TIME.

CLIMATE NORMAL PERIOD 1981 TO 2010
CLIMATE RECORD PERIOD 1908 TO 2015


WEATHER ITEM   OBSERVED TIME   RECORD YEAR NORMAL DEPARTURE LAST
                VALUE   (LST)  VALUE       VALUE  FROM      YEAR
                                                  NORMAL
..................................................................
TEMPERATURE (F)
 TODAY
  MAXIMUM         69    242 PM  88    1992  66      3       58
  MINIMUM         42    518 AM  27    1978  37      5       40
  AVERAGE         56                        52      4       49

PRECIPITATION (IN)
  TODAY            0.00          1.06 1979   0.07  -0.07     0.06
  MONTH TO DATE    0.00                      0.36  -0.36     0.06
  SINCE OCT 1     32.91                     38.75  -5.84    12.52
  SINCE JAN 1     13.39                     23.54 -10.15    11.41

SNOWFALL (IN)
  TODAY           MM                         0.0   MM       MM
  MONTH TO DATE   MM                         0.1   MM       MM
  SINCE JUL 1     MM                        91.6   MM        0.0
  SNOW DEPTH      MM

DEGREE DAYS
 HEATING
  TODAY            9                        13     -4       16
  MONTH TO DATE   27                        69    -42       43
  SINCE MAR 1    981                      1309   -328     1066
  SINCE JUL 1   3947                      5284  -1337     4682

 COOLING
  TODAY            0                         0      0        0
  MONTH TO DATE    0                         0      0        0
  SINCE MAR 1      0                         0      0        1
  SINCE JAN 1      0                         0      0        1
..................................................................


WIND (MPH)
  HIGHEST WIND SPEED    13   HIGHEST WIND DIRECTION    NW (300)
  HIGHEST GUST SPEED    22   HIGHEST GUST DIRECTION    NW (310)
  AVERAGE WIND SPEED     4.5


SKY COVER
  POSSIBLE SUNSHINE  MM
  AVERAGE SKY COVER 0.0


WEATHER CONDITIONS
 THE FOLLOWING WEATHER WAS RECORDED TODAY.
  NO SIGNIFICANT WEATHER WAS OBSERVED.


RELATIVE HUMIDITY (PERCENT)
 HIGHEST    76           500 AM
 LOWEST     20           200 PM

..........................................................


THE MT SHASTA CITY CA CLIMATE NORMALS FOR TOMORROW
                         NORMAL    RECORD    YEAR
 MAXIMUM TEMPERATURE (F)   66        88      1987
 MINIMUM TEMPERATURE (F)   37        24      1933
                                             1984


SUNRISE AND SUNSET
MAY  5 2015...........SUNRISE   602 AM PDT   SUNSET   811 PM PDT
MAY  6 2015...........SUNRISE   601 AM PDT   SUNSET   812 PM PDT


-  INDICATES NEGATIVE NUMBERS.
R  INDICATES RECORD WAS SET OR TIED.
MM INDICATES DATA IS MISSING.
T  INDICATES TRACE AMOUNT.




$$
