000
CDUS42 KMFL 050831
CLIMIA


CLIMATE REPORT
NATIONAL WEATHER SERVICE MIAMI, FL
431 AM EDT TUE MAY 5 2015


...................................

...THE MIAMI CLIMATE SUMMARY FOR MAY 4 2015...

CLIMATE NORMAL PERIOD 1981 TO 2010
CLIMATE RECORD PERIOD 1895 TO 2015


WEATHER ITEM   OBSERVED TIME   RECORD YEAR NORMAL DEPARTURE LAST
                VALUE   (LST)  VALUE       VALUE  FROM      YEAR
                                                  NORMAL
..................................................................
TEMPERATURE (F)
 YESTERDAY
  MAXIMUM         80   1116 AM  93    1951  86     -6       86
  MINIMUM         71    433 AM  54    1940  71      0       68
                                      1921
  AVERAGE         76                        78     -2       77

PRECIPITATION (IN)
  YESTERDAY        T            11.51 1977   0.11  -0.11     0.00
  MONTH TO DATE    T                         0.42  -0.42     0.29
  SINCE NOV 1     13.09                     15.74  -2.65    17.55
  SINCE JAN 1      9.11                     10.43  -1.32     7.15

SNOWFALL (IN)
  YESTERDAY        0.0
  MONTH TO DATE    0.0
  SINCE MAR 1      0.0
  SINCE JUL 1      0.0
  SNOW DEPTH       0

DEGREE DAYS
 HEATING
  YESTERDAY        0                         0      0        0
  MONTH TO DATE    0                         0      0        0
  SINCE MAR 1      0                        12    -12        0
  SINCE JUL 1     76                       128    -52       61

 COOLING
  YESTERDAY       11                        13     -2       12
  MONTH TO DATE   45                        52     -7       65
  SINCE MAR 1    885                       623    262      725
  SINCE JAN 1   1224                       945    279     1146
..................................................................


WIND (MPH)
  HIGHEST WIND SPEED    23   HIGHEST WIND DIRECTION     E (80)
  HIGHEST GUST SPEED    28   HIGHEST GUST DIRECTION     E (90)
  AVERAGE WIND SPEED    12.0


SKY COVER
  POSSIBLE SUNSHINE  MM
  AVERAGE SKY COVER 0.9


WEATHER CONDITIONS
 THE FOLLOWING WEATHER WAS RECORDED YESTERDAY.
  LIGHT RAIN
  FOG


RELATIVE HUMIDITY (PERCENT)
 HIGHEST    69
 LOWEST     41
 AVERAGE    55

..........................................................


THE MIAMI CLIMATE NORMALS FOR TODAY
                         NORMAL    RECORD    YEAR
 MAXIMUM TEMPERATURE (F)   86        91      2006
                                             1998
                                             1937
 MINIMUM TEMPERATURE (F)   71        50      1921


SUNRISE AND SUNSET
MAY  5 2015...........SUNRISE   642 AM EDT   SUNSET   754 PM EDT
MAY  6 2015...........SUNRISE   641 AM EDT   SUNSET   755 PM EDT


-  INDICATES NEGATIVE NUMBERS.
R  INDICATES RECORD WAS SET OR TIED.
MM INDICATES DATA IS MISSING.
T  INDICATES TRACE AMOUNT.




$$
