000
CDUS44 KMEG 012159
CLIMKL


CLIMATE REPORT
NATIONAL WEATHER SERVICE MEMPHIS TN
459 PM CDT WED APR 1 2015


...................................

...THE JACKSON CLIMATE SUMMARY FOR APRIL 1 2015...
VALID TODAY AS OF 0400 PM LOCAL TIME.

CLIMATE NORMAL PERIOD 1981 TO 2010
CLIMATE RECORD PERIOD 1948 TO 2015


WEATHER ITEM   OBSERVED TIME   RECORD YEAR NORMAL DEPARTURE LAST
                VALUE   (LST)  VALUE       VALUE  FROM      YEAR
                                                  NORMAL
..................................................................
TEMPERATURE (F)
 TODAY
  MAXIMUM         79    314 PM  87    1963  68     11       80
  MINIMUM         48    443 AM  30    2001  44      4       55
                                      1954
  AVERAGE         64                        56      8       68

PRECIPITATION (IN)
  TODAY            0.00          2.94 1979   0.16  -0.16     0.00
  MONTH TO DATE    0.00                      0.16  -0.16     0.00
  SINCE MAR 1      4.96                      4.91   0.05     5.84
  SINCE JAN 1     10.85                     13.15  -2.30    14.00

SNOWFALL (IN)
  TODAY            0.0

DEGREE DAYS
 HEATING
  TODAY            1                        10     -9        0
  MONTH TO DATE    1                        10     -9        0
  SINCE MAR 1    480                       454     26      594
  SINCE JUL 1   3653                      3338    315     3890

 COOLING
  TODAY            0                         1     -1        3
  MONTH TO DATE    0                         1     -1        3
  SINCE MAR 1      2                        11     -9        3
  SINCE JAN 1      2                        12    -10        3
..................................................................


WIND (MPH)
  HIGHEST WIND SPEED    13   HIGHEST WIND DIRECTION     S (200)
  HIGHEST GUST SPEED    21   HIGHEST GUST DIRECTION     S (180)
  AVERAGE WIND SPEED     5.3


SKY COVER
  POSSIBLE SUNSHINE  MM
  AVERAGE SKY COVER 0.1


WEATHER CONDITIONS
 THE FOLLOWING WEATHER WAS RECORDED TODAY.
  FOG


RELATIVE HUMIDITY (PERCENT)
 HIGHEST    93          1200 AM
 LOWEST     33           100 PM
 AVERAGE    63

..........................................................


THE JACKSON CLIMATE NORMALS FOR TOMORROW
                         NORMAL    RECORD    YEAR
 MAXIMUM TEMPERATURE (F)   68        86      2012
                                             1963
 MINIMUM TEMPERATURE (F)   44        29      1992


SUNRISE AND SUNSET
APRIL  1 2015.........SUNRISE   643 AM CDT   SUNSET   717 PM CDT
APRIL  2 2015.........SUNRISE   641 AM CDT   SUNSET   718 PM CDT


-  INDICATES NEGATIVE NUMBERS.
R  INDICATES RECORD WAS SET OR TIED.
MM INDICATES DATA IS MISSING.
T  INDICATES TRACE AMOUNT.




$$
