000
CDUS44 KMEG 050636
CLIMKL


CLIMATE REPORT
NATIONAL WEATHER SERVICE MEMPHIS TN
136 AM CDT TUE MAY 5 2015


...................................

...THE JACKSON CLIMATE SUMMARY FOR MAY 4 2015...

CLIMATE NORMAL PERIOD 1981 TO 2010
CLIMATE RECORD PERIOD 1948 TO 2015


WEATHER ITEM   OBSERVED TIME   RECORD YEAR NORMAL DEPARTURE LAST
                VALUE   (LST)  VALUE       VALUE  FROM      YEAR
                                                  NORMAL
..................................................................
TEMPERATURE (F)
 YESTERDAY
  MAXIMUM         84    144 PM  91    1952  77      7       87
  MINIMUM         58   1145 PM  34    2013  54      4       52
  AVERAGE         71                        65      6       70

PRECIPITATION (IN)
  YESTERDAY        0.00          2.11 1953   0.19  -0.19     0.00
  MONTH TO DATE    0.00                      0.76  -0.76     0.00
  SINCE MAR 1     10.00                     10.37  -0.37    10.03
  SINCE JAN 1     15.89                     18.61  -2.72    18.19

SNOWFALL (IN)
  YESTERDAY        0.0          MM      MM   0.0    0.0      0.0
  MONTH TO DATE    0.0                       0.0    0.0      0.0
  SINCE MAR 1      4.4                       0.4    4.0      0.8
  SINCE JUL 1      5.9                       4.6    1.3      1.3
  SNOW DEPTH       0

DEGREE DAYS
 HEATING
  YESTERDAY        0                         3     -3        0
  MONTH TO DATE   16                        12      4       24
  SINCE MAR 1    641                       654    -13      816
  SINCE JUL 1   3814                      3538    276     4112

 COOLING
  YESTERDAY        6                         3      3        5
  MONTH TO DATE    6                        12     -6        5
  SINCE MAR 1     67                        70     -3       42
  SINCE JAN 1     67                        71     -4       42
..................................................................


WIND (MPH)
  HIGHEST WIND SPEED    15   HIGHEST WIND DIRECTION    SW (210)
  HIGHEST GUST SPEED    19   HIGHEST GUST DIRECTION    SW (210)
  AVERAGE WIND SPEED     6.9


SKY COVER
  POSSIBLE SUNSHINE  MM
  AVERAGE SKY COVER 0.2


WEATHER CONDITIONS
 THE FOLLOWING WEATHER WAS RECORDED YESTERDAY.
  NO SIGNIFICANT WEATHER WAS OBSERVED.


RELATIVE HUMIDITY (PERCENT)
 HIGHEST    78          1100 PM
 LOWEST     34           200 PM
 AVERAGE    56

..........................................................


THE JACKSON CLIMATE NORMALS FOR TODAY
                         NORMAL    RECORD    YEAR
 MAXIMUM TEMPERATURE (F)   77        94      1952
 MINIMUM TEMPERATURE (F)   54        40      2005
                                             1957


SUNRISE AND SUNSET
MAY  5 2015...........SUNRISE   600 AM CDT   SUNSET   745 PM CDT
MAY  6 2015...........SUNRISE   559 AM CDT   SUNSET   746 PM CDT


-  INDICATES NEGATIVE NUMBERS.
R  INDICATES RECORD WAS SET OR TIED.
MM INDICATES DATA IS MISSING.
T  INDICATES TRACE AMOUNT.




$$
