000
CDUS43 KBIS 060732
CLIMOT


CLIMATE REPORT
NATIONAL WEATHER SERVICE BISMARCK ND
230 AM CDT WED MAY 6 2015


...................................

...THE MINOT ND CLIMATE SUMMARY FOR MAY 5 2015...

CLIMATE NORMAL PERIOD 1981 TO 2010
CLIMATE RECORD PERIOD 1897 TO 2015


WEATHER ITEM   OBSERVED TIME   RECORD YEAR NORMAL DEPARTURE LAST
                VALUE   (LST)  VALUE       VALUE  FROM      YEAR
                                                  NORMAL
..................................................................
TEMPERATURE (F)
 YESTERDAY
  MAXIMUM         78    411 PM  98    1926  64     14       62
  MINIMUM         51   1159 PM  13    1929  39     12       33
  AVERAGE         65                        51     14       48

PRECIPITATION (IN)
  YESTERDAY        0.00          2.08 1999   0.07  -0.07     0.01
  MONTH TO DATE    0.00                      0.32  -0.32     0.20
  SINCE MAR 1      0.96                      2.30  -1.34     2.05
  SINCE JAN 1      1.43                      3.21  -1.78     2.41

DEGREE DAYS
 COOLING
  YESTERDAY        0                         0      0        0
  MONTH TO DATE    0                         0      0        0
  SINCE MAR 1      0                         1     -1        0
  SINCE JAN 1      0                         1     -1        0
..................................................................


WIND (MPH)
  HIGHEST WIND SPEED    30   HIGHEST WIND DIRECTION     S (160)
  HIGHEST GUST SPEED    38   HIGHEST GUST DIRECTION     S (160)
  AVERAGE WIND SPEED    14.3


SKY COVER
  POSSIBLE SUNSHINE  MM
  AVERAGE SKY COVER 0.5


WEATHER CONDITIONS
 THE FOLLOWING WEATHER WAS RECORDED YESTERDAY.
  NO SIGNIFICANT WEATHER WAS OBSERVED.


RELATIVE HUMIDITY (PERCENT)
 HIGHEST    51          1100 PM
 LOWEST     15           500 PM
 AVERAGE    33

..........................................................


THE MINOT ND CLIMATE NORMALS FOR TODAY
                         NORMAL    RECORD    YEAR
 MAXIMUM TEMPERATURE (F)   64        88      1992
 MINIMUM TEMPERATURE (F)   40        15      1931


SUNRISE AND SUNSET
MAY  6 2015...........SUNRISE   619 AM CDT   SUNSET   906 PM CDT
MAY  7 2015...........SUNRISE   617 AM CDT   SUNSET   907 PM CDT


-  INDICATES NEGATIVE NUMBERS.
R  INDICATES RECORD WAS SET OR TIED.
MM INDICATES DATA IS MISSING.
T  INDICATES TRACE AMOUNT.




$$
