000
CDUS44 KHUN 012127
CLIMSL


CLIMATE REPORT
NATIONAL WEATHER SERVICE HUNTSVILLE AL
427 PM CDT WED APR 1 2015


...................................

...THE MUSCLE SHOALS CLIMATE SUMMARY FOR APRIL 1 2015...
VALID TODAY AS OF 0400 PM LOCAL TIME.

CLIMATE NORMAL PERIOD 1981 TO 2010
CLIMATE RECORD PERIOD 1893 TO 2015


WEATHER ITEM   OBSERVED TIME   RECORD YEAR NORMAL DEPARTURE LAST
                VALUE   (LST)  VALUE       VALUE  FROM      YEAR
                                                  NORMAL
..................................................................
TEMPERATURE (F)
 TODAY
  MAXIMUM         78    323 PM  86    1963  69      9       83
  MINIMUM         52    452 AM  25    1923  46      6       57
  AVERAGE         65                        58      7       70

PRECIPITATION (IN)
  TODAY            0.01          4.19 1970   0.16  -0.15     0.00
  MONTH TO DATE    0.01                      0.16  -0.15     0.00
  SINCE MAR 1      6.59                      4.92   1.67     2.62
  SINCE JAN 1     13.87                     14.19  -0.32     8.31

SNOWFALL (IN)
  TODAY            0.0
  MONTH TO DATE    0.0
  SINCE MAR 1      0.7
  SINCE JUL 1      4.2
  SNOW DEPTH       0

DEGREE DAYS
 HEATING
  TODAY            0                         8     -8        0
  MONTH TO DATE    0                         8     -8        0
  SINCE MAR 1    348                       386    -38      443
  SINCE JUL 1   3119                      2921    198     3214

 COOLING
  TODAY            0                         1     -1        5
  MONTH TO DATE    0                         1     -1        5
  SINCE MAR 1      2                        13    -11        5
  SINCE JAN 1      2                        14    -12        5
..................................................................


WIND (MPH)
  HIGHEST WIND SPEED     9   HIGHEST WIND DIRECTION    SE (150)
  HIGHEST GUST SPEED    13   HIGHEST GUST DIRECTION    SE (150)
  AVERAGE WIND SPEED     1.8


SKY COVER
  POSSIBLE SUNSHINE  MM
  AVERAGE SKY COVER 0.3


WEATHER CONDITIONS
 THE FOLLOWING WEATHER WAS RECORDED TODAY.
  LIGHT RAIN
  FOG
  FOG W/VISIBILITY <= 1/4 MILE


RELATIVE HUMIDITY (PERCENT)
 HIGHEST   100           600 AM
 LOWEST     39           300 PM
 AVERAGE    70

..........................................................


THE MUSCLE SHOALS CLIMATE NORMALS FOR TOMORROW
                         NORMAL    RECORD    YEAR
 MAXIMUM TEMPERATURE (F)   70        86      2012
                                             1967
                                             1940
 MINIMUM TEMPERATURE (F)   46        24      1924


SUNRISE AND SUNSET
APRIL  1 2015.........SUNRISE   638 AM CDT   SUNSET   711 PM CDT
APRIL  2 2015.........SUNRISE   636 AM CDT   SUNSET   712 PM CDT


-  INDICATES NEGATIVE NUMBERS.
R  INDICATES RECORD WAS SET OR TIED.
MM INDICATES DATA IS MISSING.
T  INDICATES TRACE AMOUNT.


$$
