000
CDUS45 KMSO 190737
CLIMSO


CLIMATE REPORT
NATIONAL WEATHER SERVICE MISSOULA, MT
137 AM MDT SUN APR 19 2015


...................................

...THE MISSOULA MT CLIMATE SUMMARY FOR APRIL 18 2015...

CLIMATE NORMAL PERIOD 1981 TO 2010
CLIMATE RECORD PERIOD 1893 TO 2015


WEATHER ITEM   OBSERVED TIME   RECORD YEAR NORMAL DEPARTURE LAST
                VALUE   (LST)  VALUE       VALUE  FROM      YEAR
                                                  NORMAL
..................................................................
TEMPERATURE (F)
 YESTERDAY
  MAXIMUM         66    259 PM  88    1936  59      7       53
  MINIMUM         36    637 AM  18    1977  33      3       31
  AVERAGE         51                        46      5       42

PRECIPITATION (IN)
  YESTERDAY        0.00          1.39 1912   0.04  -0.04     0.03
  MONTH TO DATE    0.27                      0.72  -0.45     0.27
  SINCE OCT 1      8.28                      6.20   2.08     7.09
  SINCE JAN 1      2.97                      3.27  -0.30     5.38

SNOWFALL (IN)
  YESTERDAY        0.0
  MONTH TO DATE    0.6
  SINCE JAN 1     13.3
  SINCE JUL 1     33.9
  SNOW DEPTH       0

DEGREE DAYS
 HEATING
  YESTERDAY       14                        19     -5       23
  MONTH TO DATE  417                       371     46      384
  SINCE MAR 1   1137                      1185    -48     1252
  SINCE JUL 1   6129                      6554   -425     6762

 COOLING
  YESTERDAY        0                         0      0        0
  MONTH TO DATE    0                         0      0        0
  SINCE MAR 1      0                         0      0        0
  SINCE JAN 1      0                         0      0        0
..................................................................


WIND (MPH)
  HIGHEST WIND SPEED    22   HIGHEST WIND DIRECTION     E (110)
  HIGHEST GUST SPEED    28   HIGHEST GUST DIRECTION     E (110)
  AVERAGE WIND SPEED     8.8


SKY COVER
  POSSIBLE SUNSHINE  MM
  AVERAGE SKY COVER 0.0


WEATHER CONDITIONS
 THE FOLLOWING WEATHER WAS RECORDED YESTERDAY.
  NO SIGNIFICANT WEATHER WAS OBSERVED.


RELATIVE HUMIDITY (PERCENT)
 HIGHEST    79           700 AM
 LOWEST     20           500 PM
 AVERAGE    50

..........................................................


THE MISSOULA MT CLIMATE NORMALS FOR TODAY
                         NORMAL    RECORD    YEAR
 MAXIMUM TEMPERATURE (F)   59        83      1910
 MINIMUM TEMPERATURE (F)   33        14      1951


SUNRISE AND SUNSET
APRIL 19 2015.........SUNRISE   642 AM MDT   SUNSET   830 PM MDT
APRIL 20 2015.........SUNRISE   640 AM MDT   SUNSET   831 PM MDT


-  INDICATES NEGATIVE NUMBERS.
R  INDICATES RECORD WAS SET OR TIED.
MM INDICATES DATA IS MISSING.
T  INDICATES TRACE AMOUNT.




$$
