000
CDUS41 KBTV 040548
CLIMSS


CLIMATE REPORT
NATIONAL WEATHER SERVICE BURLINGTON VT
145 AM EDT MON MAY 4 2015


...................................

...THE MASSENA NY CLIMATE SUMMARY FOR MAY 3 2015...

CLIMATE NORMAL PERIOD 1981 TO 2010
CLIMATE RECORD PERIOD 1948 TO 2015


WEATHER ITEM   OBSERVED TIME   RECORD YEAR NORMAL DEPARTURE LAST
                VALUE   (LST)  VALUE       VALUE  FROM      YEAR
                                                  NORMAL
..................................................................
TEMPERATURE (F)
 YESTERDAY
  MAXIMUM         79    229 PM  86    2001  63     16       60
  MINIMUM         46    410 AM  28    2000  39      7       47
                                      1987
  AVERAGE         63                        51     12       54

PRECIPITATION (IN)
  YESTERDAY        0.00          1.14        0.09  -0.09      T
  MONTH TO DATE    0.00                      0.28  -0.28     0.29
  SINCE MAR 1      3.02                      5.19  -2.17     5.37
  SINCE JAN 1      4.44                      9.14  -4.70     8.11

DEGREE DAYS
 HEATING
  YESTERDAY        2                        14    -12       11
  MONTH TO DATE   20                        44    -24       37
  SINCE MAR 1   1955                      1839    116     2164
  SINCE JUL 1   8121                      7826    295     8333

 COOLING
  YESTERDAY        0                         0      0        0
  MONTH TO DATE    0                         0      0        0
  SINCE MAR 1      0                         1     -1        0
  SINCE JAN 1      0                         1     -1        0
..................................................................


WIND (MPH)
  HIGHEST WIND SPEED    18   HIGHEST WIND DIRECTION    SW (220)
  HIGHEST GUST SPEED    24   HIGHEST GUST DIRECTION    SW (240)
  AVERAGE WIND SPEED     9.0


SKY COVER
  AVERAGE SKY COVER 0.0


WEATHER CONDITIONS
 THE FOLLOWING WEATHER WAS RECORDED YESTERDAY.
  HAZE


RELATIVE HUMIDITY (PERCENT)
 HIGHEST    66           300 AM
 LOWEST     24           400 PM
 AVERAGE    45

..........................................................


THE MASSENA NY CLIMATE NORMALS FOR TODAY
                         NORMAL    RECORD    YEAR
 MAXIMUM TEMPERATURE (F)   63        84      1955
 MINIMUM TEMPERATURE (F)   40        26      1974


SUNRISE AND SUNSET
MAY  4 2015...........SUNRISE   545 AM EDT   SUNSET   808 PM EDT
MAY  5 2015...........SUNRISE   544 AM EDT   SUNSET   809 PM EDT


-  INDICATES NEGATIVE NUMBERS.
R  INDICATES RECORD WAS SET OR TIED.
MM INDICATES DATA IS MISSING.
T  INDICATES TRACE AMOUNT.




$$
