000
CDUS41 KBTV 010524
CLIMSS

CLIMATE REPORT
NATIONAL WEATHER SERVICE BURLINGTON VT
121 AM EDT WED APR 1 2015

...................................

...THE MASSENA NY CLIMATE SUMMARY FOR MARCH 31 2015...

CLIMATE NORMAL PERIOD 1981 TO 2010
CLIMATE RECORD PERIOD 1948 TO 2015


WEATHER ITEM   OBSERVED TIME   RECORD YEAR NORMAL DEPARTURE LAST
                VALUE   (LST)  VALUE       VALUE  FROM      YEAR
                                                  NORMAL
..................................................................
TEMPERATURE (F)
 YESTERDAY
  MAXIMUM         35    359 PM  85    1998  45    -10       43
  MINIMUM         20   1156 PM  13    1970  26     -6       23
  AVERAGE         28                        36     -8       33

PRECIPITATION (IN)
  YESTERDAY        0.00          0.87        0.08  -0.08     0.00
  MONTH TO DATE    0.54                      2.09  -1.55     0.91
  SINCE MAR 1      0.54                      2.09  -1.55     0.91
  SINCE JAN 1      1.96                      6.04  -4.08     3.65

DEGREE DAYS
 HEATING
  YESTERDAY       37                        30      7       32
  MONTH TO DATE 1295                      1145    150     1428
  SINCE MAR 1   1295                      1144    151     1428
  SINCE JUL 1   7461                      7131    330     7597

 COOLING
  YESTERDAY        0                         0      0        0
  MONTH TO DATE    0                         0      0        0
  SINCE MAR 1      0                         0      0        0
  SINCE JAN 1      0                         0      0        0
..................................................................


WIND (MPH)
  HIGHEST WIND SPEED    20   HIGHEST WIND DIRECTION     W (290)
  HIGHEST GUST SPEED    27   HIGHEST GUST DIRECTION     W (280)
  AVERAGE WIND SPEED     7.6


SKY COVER
  AVERAGE SKY COVER 0.3


WEATHER CONDITIONS
 THE FOLLOWING WEATHER WAS RECORDED YESTERDAY.
  NO SIGNIFICANT WEATHER WAS OBSERVED.


RELATIVE HUMIDITY (PERCENT)
 HIGHEST    77          1000 PM
 LOWEST     28           600 PM
 AVERAGE    53

..........................................................


THE MASSENA NY CLIMATE NORMALS FOR TODAY
                         NORMAL    RECORD    YEAR
 MAXIMUM TEMPERATURE (F)   46        83      1986
 MINIMUM TEMPERATURE (F)   26        10      1965


SUNRISE AND SUNSET
APRIL  1 2015.........SUNRISE   641 AM EDT   SUNSET   727 PM EDT
APRIL  2 2015.........SUNRISE   639 AM EDT   SUNSET   728 PM EDT


-  INDICATES NEGATIVE NUMBERS.
R  INDICATES RECORD WAS SET OR TIED.
MM INDICATES DATA IS MISSING.
T  INDICATES TRACE AMOUNT.

$$
