000
CDUS43 KILX 030639
CLIMTO


CLIMATE REPORT
NATIONAL WEATHER SERVICE LINCOLN IL
138 AM CDT SUN MAY 3 2015


...................................

...THE MATTOON IL AIRPORT CLIMATE SUMMARY FOR MAY 2 2015...

CLIMATE NORMAL PERIOD 1981 TO 2010
CLIMATE RECORD PERIOD 9999 TO 9999


WEATHER ITEM   OBSERVED TIME   RECORD YEAR NORMAL DEPARTURE LAST
                VALUE   (LST)  VALUE       VALUE  FROM      YEAR
                                                  NORMAL
..................................................................
TEMPERATURE (F)
 YESTERDAY
  MAXIMUM         73    340 PM  MM      MM  69      4       54
  MINIMUM         51    536 AM  MM      MM  49      2       43
  AVERAGE         62                        59      3       49

PRECIPITATION (IN)
  YESTERDAY        0.00         MM      MM   0.16  -0.16      T
  MONTH TO DATE    0.00                      0.32  -0.32      T
  SINCE MAR 1      6.31                      6.32  -0.01     5.14
  SINCE JAN 1      7.66                     10.30  -2.64     7.07

DEGREE DAYS
 HEATING
  YESTERDAY        3                         7     -4       16
  MONTH TO DATE   15                        14      1       34
  SINCE MAR 1   1135                      1072     63     1247
  SINCE JUL 1   5828                      5276    552     6094

 COOLING
  YESTERDAY        0                         1     -1        0
  MONTH TO DATE    0                         2     -2        0
  SINCE MAR 1      2                        16    -14        4
  SINCE JAN 1      2                        16    -14        4
..................................................................


WIND (MPH)
  HIGHEST WIND SPEED    14   HIGHEST WIND DIRECTION     S (190)
  HIGHEST GUST SPEED    19   HIGHEST GUST DIRECTION     S (200)
  AVERAGE WIND SPEED     5.1


SKY COVER
  POSSIBLE SUNSHINE  MM
  AVERAGE SKY COVER 0.1


WEATHER CONDITIONS
 THE FOLLOWING WEATHER WAS RECORDED YESTERDAY.
  NO SIGNIFICANT WEATHER WAS OBSERVED.


RELATIVE HUMIDITY (PERCENT)
 HIGHEST    66           600 AM
 LOWEST     29           500 PM
 AVERAGE    48

..........................................................


THE MATTOON IL AIRPORT CLIMATE NORMALS FOR TODAY
                         NORMAL    RECORD    YEAR
 MAXIMUM TEMPERATURE (F)   69        MM        MM
 MINIMUM TEMPERATURE (F)   50        MM        MM


SUNRISE AND SUNSET
MAY  3 2015...........SUNRISE   552 AM CDT   SUNSET   749 PM CDT
MAY  4 2015...........SUNRISE   551 AM CDT   SUNSET   750 PM CDT


-  INDICATES NEGATIVE NUMBERS.
R  INDICATES RECORD WAS SET OR TIED.
MM INDICATES DATA IS MISSING.
T  INDICATES TRACE AMOUNT.




$$
