000
CDUS41 KBTV 050526
CLIMVL

CLIMATE REPORT
NATIONAL WEATHER SERVICE BURLINGTON VT
120 AM EDT TUE MAY 5 2015

...................................

...THE MORRISVILLE VT CLIMATE SUMMARY FOR MAY 4 2015...

CLIMATE NORMAL PERIOD 1981 TO 2010
CLIMATE RECORD PERIOD 9999 TO 9999


WEATHER ITEM   OBSERVED TIME   NORMAL DEPARTURE LAST
                VALUE   (LST)  VALUE  FROM      YEAR
                                      NORMAL
......................................................
TEMPERATURE (F)
 YESTERDAY
  MAXIMUM         82    259 PM  63     19       52
  MINIMUM         39    504 AM  37      2       44
  AVERAGE         61            50     11       48

PRECIPITATION (IN)
  YESTERDAY        0.02          0.09  -0.07     0.46
  MONTH TO DATE    0.02          0.35  -0.33     0.68
  SINCE MAR 1      1.52          4.42  -2.90     6.13
  SINCE JAN 1      2.64          8.70  -6.06    10.73

DEGREE DAYS
 HEATING
  YESTERDAY        4            15    -11       17
  MONTH TO DATE   41            62    -21       56
  SINCE MAR 1   2057          1882    175     2215
  SINCE JUL 1   7739          7842   -103     8269

 COOLING
  YESTERDAY        0             0      0        0
  MONTH TO DATE    0             0      0        0
  SINCE MAR 1      0             1     -1        0
  SINCE JAN 1      0             1     -1        0
......................................................


WIND (MPH)
  HIGHEST WIND SPEED    21   HIGHEST WIND DIRECTION     S (200)
  HIGHEST GUST SPEED    30   HIGHEST GUST DIRECTION    SW (220)
  AVERAGE WIND SPEED     4.8


SKY COVER
  AVERAGE SKY COVER 0.4


WEATHER CONDITIONS
 THE FOLLOWING WEATHER WAS RECORDED YESTERDAY.
  LIGHT RAIN
  FOG


RELATIVE HUMIDITY (PERCENT)
 HIGHEST    92           500 AM
 LOWEST     21           200 PM
 AVERAGE    57

..........................................................


THE MORRISVILLE VT CLIMATE NORMALS FOR TODAY
                         NORMAL    RECORD    YEAR
 MAXIMUM TEMPERATURE (F)   64        79      2013
 MINIMUM TEMPERATURE (F)   38        25      1997


SUNRISE AND SUNSET
MAY  5 2015...........SUNRISE   536 AM EDT   SUNSET   759 PM EDT
MAY  6 2015...........SUNRISE   534 AM EDT   SUNSET   801 PM EDT


-  INDICATES NEGATIVE NUMBERS.
R  INDICATES RECORD WAS SET OR TIED.
MM INDICATES DATA IS MISSING.
T  INDICATES TRACE AMOUNT.

$$
