000
CDUS44 KLIX 250706
CLINEW


CLIMATE REPORT
NATIONAL WEATHER SERVICE NEW ORLEANS
205 AM CDT SAT APR 25 2015


...................................

...THE NEW ORLEANS CLIMATE SUMMARY FOR APRIL 24 2015...

CLIMATE NORMAL PERIOD 1981 TO 2010
CLIMATE RECORD PERIOD 1946 TO 2015


WEATHER ITEM   OBSERVED TIME   RECORD YEAR NORMAL DEPARTURE LAST
                VALUE   (LST)  VALUE       VALUE  FROM      YEAR
                                                  NORMAL
..................................................................
TEMPERATURE (F)
 YESTERDAY
  MAXIMUM         83    241 PM  90    1988  80      3       83
                                      1958
  MINIMUM         71    917 PM  44    1968  62      9       63
  AVERAGE         77                        71      6       73

PRECIPITATION (IN)
  YESTERDAY        0.25          2.71 1982   0.16   0.09     0.00
  MONTH TO DATE    9.10                      3.64   5.46     2.17
  SINCE MAR 1     15.46                      8.19   7.27     7.42
  SINCE JAN 1     23.16                     18.64   4.52    16.45

SNOWFALL (IN)
  YESTERDAY        0.0
  MONTH TO DATE    0.0
  SINCE MAR 1      0.0
  SINCE JUL 1      0.0
  SNOW DEPTH       0

DEGREE DAYS
 HEATING
  YESTERDAY        0                         0      0        0
  MONTH TO DATE    0                        32    -32       41
  SINCE MAR 1     70                       168    -98      228
  SINCE JUL 1   1274                      1277     -3     1581

 COOLING
  YESTERDAY       12                         7      5        8
  MONTH TO DATE  230                       113    117       87
  SINCE MAR 1    354                       176    178      108
  SINCE JAN 1    372                       213    159      132
..................................................................


WIND (MPH)
  HIGHEST WIND SPEED    37   HIGHEST WIND DIRECTION    SE (120)
  HIGHEST GUST SPEED    50   HIGHEST GUST DIRECTION    SE (130)
  AVERAGE WIND SPEED     9.9


SKY COVER
  POSSIBLE SUNSHINE  MM
  AVERAGE SKY COVER 0.8


WEATHER CONDITIONS
 THE FOLLOWING WEATHER WAS RECORDED YESTERDAY.
  THUNDERSTORM
  RAIN
  LIGHT RAIN
  FOG


RELATIVE HUMIDITY (PERCENT)
 HIGHEST    93           100 AM
 LOWEST     69          1200 PM
 AVERAGE    81

..........................................................


THE NEW ORLEANS CLIMATE NORMALS FOR TODAY
                         NORMAL    RECORD    YEAR
 MAXIMUM TEMPERATURE (F)   80        88      2006
                                             1967
 MINIMUM TEMPERATURE (F)   63        40      1968


SUNRISE AND SUNSET
APRIL 25 2015.........SUNRISE   624 AM CDT   SUNSET   734 PM CDT
APRIL 26 2015.........SUNRISE   623 AM CDT   SUNSET   735 PM CDT


-  INDICATES NEGATIVE NUMBERS.
R  INDICATES RECORD WAS SET OR TIED.
MM INDICATES DATA IS MISSING.
T  INDICATES TRACE AMOUNT.




$$
