000
CDUS42 KCAE 270550
CLIOGB


CLIMATE REPORT
NATIONAL WEATHER SERVICE COLUMBIA SC
150 AM EDT MON APR 27 2015


...................................

...THE ORANGEBURG AIRPORT SC CLIMATE SUMMARY FOR APRIL 26 2015...

CLIMATE NORMAL PERIOD 1981 TO 2010
CLIMATE RECORD PERIOD 9999 TO 9999


WEATHER ITEM   OBSERVED TIME   NORMAL DEPARTURE LAST
                VALUE   (LST)  VALUE  FROM      YEAR
                                      NORMAL
......................................................
TEMPERATURE (F)
 YESTERDAY
  MAXIMUM         86    346 PM  79      7       81
  MINIMUM         55   1159 PM  53      2       57
  AVERAGE         71            66      5       69

PRECIPITATION (IN)
  YESTERDAY        T             0.09  -0.09     0.00
  MONTH TO DATE    2.87          2.59   0.28     3.55
  SINCE MAR 1      5.84          6.57  -0.73     6.42
  SINCE JAN 1     12.69         14.14  -1.45    12.34

DEGREE DAYS
 HEATING
  YESTERDAY        0             2     -2        0
  MONTH TO DATE   22           102    -80       78
  SINCE MAR 1    230           379   -149      464
  SINCE JUL 1   2304          2311     -7     2328

 COOLING
  YESTERDAY        6             3      3        4
  MONTH TO DATE   96            51     45       47
  SINCE MAR 1    122            68     54       49
  SINCE JAN 1    122            71     51       55
......................................................


WIND (MPH)
  HIGHEST WIND SPEED    21   HIGHEST WIND DIRECTION     W (260)
  HIGHEST GUST SPEED    27   HIGHEST GUST DIRECTION     W (250)
  AVERAGE WIND SPEED    11.3


SKY COVER
  AVERAGE SKY COVER 0.5


WEATHER CONDITIONS
 THE FOLLOWING WEATHER WAS RECORDED YESTERDAY.
  THUNDERSTORM
  LIGHT RAIN


RELATIVE HUMIDITY (PERCENT)
 HIGHEST    93           400 AM
 LOWEST     37           200 PM

..........................................................


THE ORANGEBURG AIRPORT SC CLIMATE NORMALS FOR TODAY
                         NORMAL    RECORD    YEAR
 MAXIMUM TEMPERATURE (F)   79        MM        MM
 MINIMUM TEMPERATURE (F)   53        MM        MM


SUNRISE AND SUNSET
APRIL 27 2015.........SUNRISE   640 AM EDT   SUNSET   803 PM EDT
APRIL 28 2015.........SUNRISE   638 AM EDT   SUNSET   804 PM EDT


-  INDICATES NEGATIVE NUMBERS.
R  INDICATES RECORD WAS SET OR TIED.
MM INDICATES DATA IS MISSING.
T  INDICATES TRACE AMOUNT.




$$
