000
CDHW42 PHFO 271533 CCA
CLIOGG

CLIMATE REPORT
NATIONAL WEATHER SERVICE HONOLULU HI
245 AM HST MON APR 27 2015


...................................

...THE KAHULUI HI CLIMATE SUMMARY FOR APRIL 26 2015...

CLIMATE NORMAL PERIOD 1981 TO 2010
CLIMATE RECORD PERIOD 1946 TO 2015


WEATHER ITEM   OBSERVED TIME   RECORD YEAR NORMAL DEPARTURE LAST
                VALUE   (LST)  VALUE       VALUE  FROM      YEAR
                                                  NORMAL
..................................................................
TEMPERATURE (F)
 YESTERDAY
  MAXIMUM         85    227 PM  89    1952  83      2       82
  MINIMUM         67    623 AM  56    2009  66      1       70
  AVERAGE         76                        74      2       76

PRECIPITATION (IN)
  YESTERDAY        1.42*         0.85 1987   0.03   1.39      T
  MONTH TO DATE    1.67                      1.42   0.25     2.11
  SINCE MAR 1     11.28                      3.87   7.41     5.86
  SINCE JAN 1     15.59                      8.63   6.96    12.51

SNOWFALL (IN)
  YESTERDAY        0.0
  MONTH TO DATE    0.0
  SINCE MAR 1      0.0
  SINCE JUL 1      0.0
  SNOW DEPTH       0

DEGREE DAYS
 HEATING
  YESTERDAY        0                         0      0        0
  MONTH TO DATE    0                         0      0        0
  SINCE MAR 1      0                         0      0        0
  SINCE JUL 1      0                         0      0        0

 COOLING
  YESTERDAY       11                         9      2       11
  MONTH TO DATE  303                       234     69      277
  SINCE MAR 1    529                       479     50      570
  SINCE JAN 1    933                       888     45     1081
..................................................................


WIND (MPH)
  HIGHEST WIND SPEED    15   HIGHEST WIND DIRECTION    NE (50)
  HIGHEST GUST SPEED    20   HIGHEST GUST DIRECTION    NE (40)
  AVERAGE WIND SPEED     5.8


SKY COVER
  POSSIBLE SUNSHINE  MM
  AVERAGE SKY COVER 0.5


WEATHER CONDITIONS
 THE FOLLOWING WEATHER WAS RECORDED YESTERDAY.

  HEAVY RAIN
  RAIN
  LIGHT RAIN
  FOG
  HAZE


RELATIVE HUMIDITY (PERCENT)
 HIGHEST    93           700 PM
 LOWEST     61          1100 AM
 AVERAGE    77

..........................................................


THE KAHULUI HI CLIMATE NORMALS FOR TODAY
                         NORMAL    RECORD    YEAR
 MAXIMUM TEMPERATURE (F)   83        92      1953
 MINIMUM TEMPERATURE (F)   66        58      1979


SUNRISE AND SUNSET
APRIL 27 2015.........SUNRISE   558 AM HST   SUNSET   649 PM HST
APRIL 28 2015.........SUNRISE   557 AM HST   SUNSET   649 PM HST


-  INDICATES NEGATIVE NUMBERS.
R  INDICATES RECORD WAS SET OR TIED.
MM INDICATES DATA IS MISSING.
T  INDICATES TRACE AMOUNT.



*RAINFALL RECORD NEEDS TO BE VERIFIED.
$$
