000
CDUS43 KEAX 270641
CLIOJC


CLIMATE REPORT
NATIONAL WEATHER SERVICE KANSAS CITY/PLEASANT HILL MO
140 AM CDT MON APR 27 2015


...................................

...THE JOHNSON COUNTY EXECUTIVE KS CLIMATE SUMMARY FOR APRIL 26 2015...

CLIMATE NORMAL PERIOD 1981 TO 2010
CLIMATE RECORD PERIOD 9999 TO 9999


WEATHER ITEM   OBSERVED TIME   NORMAL DEPARTURE LAST
                VALUE   (LST)  VALUE  FROM      YEAR
                                      NORMAL
......................................................
TEMPERATURE (F)
 YESTERDAY
  MAXIMUM         62    507 PM  68     -6       76
  MINIMUM         47    902 AM  49     -2       51
  AVERAGE         55            58     -3       64

PRECIPITATION (IN)
  YESTERDAY        T             0.16  -0.16     0.15
  MONTH TO DATE    3.17          3.24  -0.07     3.68
  SINCE MAR 1      4.03          5.87  -1.84     4.47
  SINCE JAN 1      5.62          8.56  -2.94     4.96

DEGREE DAYS
 HEATING
  YESTERDAY       10             7      3        1
  MONTH TO DATE  199           288    -89      294
  SINCE MAR 1    736           912   -176     1050
  SINCE JUL 1   4771          4805    -34     5531

 COOLING
  YESTERDAY        0             1     -1        0
  MONTH TO DATE    7            18    -11        4
  SINCE MAR 1      9            19    -10        4
  SINCE JAN 1      9            19    -10        4
......................................................


WIND (MPH)
  HIGHEST WIND SPEED    20   HIGHEST WIND DIRECTION     E (70)
  HIGHEST GUST SPEED    25   HIGHEST GUST DIRECTION     E (100)
  AVERAGE WIND SPEED    11.3


SKY COVER
  AVERAGE SKY COVER 0.6


WEATHER CONDITIONS
 THE FOLLOWING WEATHER WAS RECORDED YESTERDAY.
  LIGHT RAIN
  FOG
  HAZE


RELATIVE HUMIDITY (PERCENT)
 HIGHEST    93          1200 AM
 LOWEST     42           600 PM
 AVERAGE    68

..........................................................


THE JOHNSON COUNTY EXECUTIVE KS CLIMATE NORMALS FOR TODAY
                         NORMAL
 MAXIMUM TEMPERATURE (F)   69
 MINIMUM TEMPERATURE (F)   49


SUNRISE AND SUNSET
APRIL 27 2015.........SUNRISE   626 AM CDT   SUNSET   807 PM CDT
APRIL 28 2015.........SUNRISE   625 AM CDT   SUNSET   808 PM CDT


-  INDICATES NEGATIVE NUMBERS.
R  INDICATES RECORD WAS SET OR TIED.
MM INDICATES DATA IS MISSING.
T  INDICATES TRACE AMOUNT.




$$
