000
CDUS46 KSEW 250830
CLIOLM


CLIMATE REPORT
NATIONAL WEATHER SERVICE SEATTLE WA
130 AM PDT SAT APR 25 2015


...................................

...THE OLYMPIA WA AIRPORT CLIMATE SUMMARY FOR APRIL 24 2015...

CLIMATE NORMAL PERIOD 1981 TO 2010
CLIMATE RECORD PERIOD 1948 TO 2015


WEATHER ITEM   OBSERVED TIME   RECORD YEAR NORMAL DEPARTURE LAST
                VALUE   (LST)  VALUE       VALUE  FROM      YEAR
                                                  NORMAL
..................................................................
TEMPERATURE (F)
 YESTERDAY
  MAXIMUM         55    214 PM  77    1999  61     -6       56
                                      1977
  MINIMUM         40    505 AM  26    1971  39      1       42
  AVERAGE         48                        50     -2       49

PRECIPITATION (IN)
  YESTERDAY        0.44          0.97 1974   0.10   0.34     0.44
  MONTH TO DATE    1.85                      2.97  -1.12     3.56
  SINCE OCT 1     38.78                     42.06  -3.28    34.61
  SINCE JAN 1     19.75                     21.37  -1.62    25.77

DEGREE DAYS
 HEATING
  YESTERDAY       17                        15      2       16
  MONTH TO DATE  408                       412     -4      372
  SINCE MAR 1    933                      1048   -115      949
  SINCE JUL 1   3968                      4770   -802     4732

 COOLING
  YESTERDAY        0                         0      0        0
  MONTH TO DATE    0                         0      0        0
  SINCE MAR 1      0                         0      0        0
  SINCE JAN 1      0                         0      0        0
..................................................................


WIND (MPH)
  RESULTANT WIND SPEED   7   RESULTANT WIND DIRECTION  SW (210)
  HIGHEST WIND SPEED    17   HIGHEST WIND DIRECTION     S (190)
  HIGHEST GUST SPEED    23   HIGHEST GUST DIRECTION     W (280)
  AVERAGE WIND SPEED     8.2


SKY COVER
  AVERAGE SKY COVER 0.9


WEATHER CONDITIONS
 THE FOLLOWING WEATHER WAS RECORDED YESTERDAY.
  RAIN
  LIGHT RAIN
  FOG


RELATIVE HUMIDITY (PERCENT)
 HIGHEST    89           100 AM
 LOWEST     63           600 PM
 AVERAGE    76

..........................................................


THE OLYMPIA WA AIRPORT CLIMATE NORMALS FOR TODAY
                         NORMAL    RECORD    YEAR
 MAXIMUM TEMPERATURE (F)   61        77      1992
 MINIMUM TEMPERATURE (F)   39        27      1985


SUNRISE AND SUNSET
APRIL 25 2015.........SUNRISE   606 AM PDT   SUNSET   814 PM PDT
APRIL 26 2015.........SUNRISE   605 AM PDT   SUNSET   815 PM PDT


-  INDICATES NEGATIVE NUMBERS.
R  INDICATES RECORD WAS SET OR TIED.
MM INDICATES DATA IS MISSING.
T  INDICATES TRACE AMOUNT.




$$
