000
CDUS46 KOTX 240828
CLIOMK


CLIMATE REPORT
NATIONAL WEATHER SERVICE SPOKANE, WA
127 AM PDT FRI APR 24 2015


...................................

...THE OMAK WA AIRPORT CLIMATE SUMMARY FOR APRIL 23 2015...

CLIMATE NORMAL PERIOD 1981 TO 2010
CLIMATE RECORD PERIOD 9999 TO 9999


WEATHER ITEM   OBSERVED TIME   RECORD YEAR NORMAL DEPARTURE LAST
                VALUE   (LST)  VALUE       VALUE  FROM      YEAR
                                                  NORMAL
..................................................................
TEMPERATURE (F)
 YESTERDAY
  MAXIMUM         60    348 PM  96    1934  65     -5       61
  MINIMUM         43    607 AM  25    1972  38      5       33
  AVERAGE         52                        52      0       47

PRECIPITATION (IN)
  YESTERDAY        0.02          0.67 1996   0.03  -0.01      T
  MONTH TO DATE    0.09                      0.80  -0.71     0.62
  SINCE OCT 1      9.31                     10.41  -1.10     4.77
  SINCE JAN 1      2.74                      4.96  -2.22     3.60

SNOWFALL (IN)
  YESTERDAY       MM

DEGREE DAYS
 HEATING
  YESTERDAY       13                        13      0       18
  MONTH TO DATE  373                       362     11      358
  SINCE MAR 1    921                      1091   -170     1108
  SINCE JUL 1   5107                      5952   -845     6098

 COOLING
  YESTERDAY        0                         0      0        0
  MONTH TO DATE    0                         0      0        0
  SINCE MAR 1      0                         0      0        0
  SINCE JAN 1      0                         0      0        0
..................................................................


WIND (MPH)
  HIGHEST WIND SPEED    20   HIGHEST WIND DIRECTION     S (160)
  HIGHEST GUST SPEED    27   HIGHEST GUST DIRECTION    SE (130)
  AVERAGE WIND SPEED     9.8


SKY COVER
  POSSIBLE SUNSHINE  MM
  AVERAGE SKY COVER 0.5


WEATHER CONDITIONS
 THE FOLLOWING WEATHER WAS RECORDED YESTERDAY.
  NO SIGNIFICANT WEATHER WAS OBSERVED.


RELATIVE HUMIDITY (PERCENT)
 HIGHEST    56          1100 PM
 LOWEST     26           300 PM
 AVERAGE    41

..........................................................


THE OMAK WA AIRPORT CLIMATE NORMALS FOR TODAY
                         NORMAL    RECORD    YEAR
 MAXIMUM TEMPERATURE (F)   66        89      1977
 MINIMUM TEMPERATURE (F)   38        19      2002


SUNRISE AND SUNSET
APRIL 24 2015.........SUNRISE   551 AM PDT   SUNSET   802 PM PDT
APRIL 25 2015.........SUNRISE   549 AM PDT   SUNSET   804 PM PDT


-  INDICATES NEGATIVE NUMBERS.
R  INDICATES RECORD WAS SET OR TIED.
MM INDICATES DATA IS MISSING.
T  INDICATES TRACE AMOUNT.




$$
